{"id":75,"date":"2020-05-10T18:52:15","date_gmt":"2020-05-10T18:52:15","guid":{"rendered":"http:\/\/apaselda.es\/?page_id=75"},"modified":"2021-05-18T19:22:41","modified_gmt":"2021-05-18T19:22:41","slug":"cep-pintor-sorolla","status":"publish","type":"page","link":"https:\/\/apaselda.es\/?page_id=75","title":{"rendered":"CEP PINTOR SOROLLA"},"content":{"rendered":"<div id=\"fb-root\"><\/div>\n\t\t<div data-elementor-type=\"wp-page\" data-elementor-id=\"75\" class=\"elementor elementor-75\">\n\t\t\t\t\t\t<section class=\"elementor-section elementor-top-section elementor-element elementor-element-74e3d2e1 elementor-section-boxed elementor-section-height-default elementor-section-height-default\" data-id=\"74e3d2e1\" data-element_type=\"section\" data-e-type=\"section\">\n\t\t\t\t\t\t<div class=\"elementor-container elementor-column-gap-default\">\n\t\t\t\t\t<div class=\"elementor-column elementor-col-100 elementor-top-column elementor-element elementor-element-5ed7412d\" data-id=\"5ed7412d\" data-element_type=\"column\" data-e-type=\"column\">\n\t\t\t<div class=\"elementor-widget-wrap elementor-element-populated\">\n\t\t\t\t\t\t<div class=\"elementor-element elementor-element-49e29e17 elementor-widget elementor-widget-text-editor\" data-id=\"49e29e17\" data-element_type=\"widget\" data-e-type=\"widget\" data-widget_type=\"text-editor.default\">\n\t\t\t\t<div class=\"elementor-widget-container\">\n\t\t\t\t\t\t\t\t\t\n<p>El N\u00famero de l\u00edneas y niveles que se pueden cursar en el centro es de 1\u00ba a 6\u00ba (solo primaria) y dispone de 3 l\u00edneas.<\/p>\n\n\n\n<p><strong><span class=\"has-inline-color has-vivid-red-color\">VIDEO  PUERTAS ABIERTAS<\/span><\/strong><\/p>\n\n\n\n<p><a href=\"https:\/\/www.facebook.com\/aytoelda\/videos\/3775805992490599\/\">https:\/\/www.facebook.com\/aytoelda\/videos\/3775805992490599\/<\/a><\/p>\n\n\n\n<p><br><strong><span class=\"has-inline-color has-vivid-purple-color\">INFORMACI\u00d3N TRANSICI\u00d3N ALUMNADO 6\u00ba A 1\u00ba ESO<\/span><\/strong><\/p>\n\n\n\n<p><a href=\"http:\/\/colegiopintorsorollaelda.blogspot.com\/2020\/05\/informacion-para-el-alumnado-de-nueva.html?m=1\">http:\/\/colegiopintorsorollaelda.blogspot.com\/2020\/05\/informacion-para-el-alumnado-de-nueva.html?m=1<\/a><\/p>\n\n\n\n<p><br>PROYECTOS ACTUALES EN EL COLE<\/p>\n\n\n\n<ul class=\"wp-block-list\"><li>Proyecto deportivo<\/li><li>Mi cole lee<\/li><li>Huerto escolar dentro del proyecto ecoescuela<\/li><li>Radio Sorolla<\/li><li>Semana de la mujer deportista<\/li><li>Carrera Save the children<\/li><li>Grupos interactivos con participaci\u00f3n de las familias dentro de las aulas<\/li><li>Tertulias dial\u00f3gicas<\/li><li>Becas deportivas<\/li><li>Educaci\u00f3n f\u00edsica en familia con la participaci\u00f3n de las familias en algunas sesiones<\/li><li>Blog pintor sorolla<\/li><li>Sello de vida saludable por el Ministerio de Educaci\u00f3n<\/li><li>Mejor entidad local promotora del deporte<\/li><li>Duatlon escolar bici-carrera<\/li><li>Tutoria entre iguales<\/li><li>Miembros de Gasol Foundation de Baloncesto<\/li><li>Proyecto chromebook para el tercer ciclo<\/li><li>Torneo de balonmano escolar \u201cEl nano\u201d<\/li><\/ul>\n\n\n\n<figure class=\"wp-block-image size-large is-resized\"><img fetchpriority=\"high\" decoding=\"async\" src=\"http:\/\/apaselda.es\/wp-content\/uploads\/2020\/05\/logo40a\u00f1ossinfondo-1-1024x901.png\" alt=\"\" class=\"wp-image-130\" width=\"265\" height=\"233\" srcset=\"https:\/\/apaselda.es\/wp-content\/uploads\/2020\/05\/logo40a\u00f1ossinfondo-1-1024x901.png 1024w, https:\/\/apaselda.es\/wp-content\/uploads\/2020\/05\/logo40a\u00f1ossinfondo-1-300x264.png 300w, https:\/\/apaselda.es\/wp-content\/uploads\/2020\/05\/logo40a\u00f1ossinfondo-1-768x675.png 768w, https:\/\/apaselda.es\/wp-content\/uploads\/2020\/05\/logo40a\u00f1ossinfondo-1.png 1046w\" sizes=\"(max-width: 265px) 100vw, 265px\" \/><\/figure>\n\n\n\n<p><a href=\"https:\/\/colegiopintorsorollaelda.blogspot.com\/\n\">https:\/\/colegiopintorsorollaelda.blogspot.com\/<br><\/a><a href=\"http:\/\/pintorsorollaeducacionfisica.blogspot.com\/\n\">http:\/\/pintorsorollaeducacionfisica.blogspot.com\/<br><\/a><a href=\"https:\/\/lamusicadesorolla.blogspot.com\/\n\">https:\/\/lamusicadesorolla.blogspot.com\/<br><\/a><a href=\"https:\/\/twitter.com\/PintorSorolla\n\">https:\/\/twitter.com\/PintorSorolla<br><\/a><a href=\"https:\/\/www.facebook.com\/ColegioPintorSorolla\/\n\">https:\/\/www.facebook.com\/ColegioPintorSorolla\/<br><\/a>Tel\u00e9fono 966957455<br>correo electr\u00f3nico: <a href=\"mailto:03014617@gva.es\">03014617@gva.es<\/a><br>Direcci\u00f3n del centro Av.Ronda, 116<br>Horario de atenci\u00f3n de secretar\u00eda y de direcci\u00f3n de 9 a 10 y de 13 a 14h<\/p>\n\n\n\n<p><br>Instalaciones:<br>Comedor SI<br>Pistas deportivas, gimnasio, etc. + DE 1000 M2 EN PISTAS<br>Sal\u00f3n de actos SI<br>Pabell\u00f3n exclusivo para 1\u00ba y 2\u00ba con patio separado y vallado<br>IM\u00c1GENES:<\/p>\n\n\n\n<figure class=\"wp-block-image size-large\"><img decoding=\"async\" width=\"893\" height=\"537\" src=\"http:\/\/apaselda.es\/wp-content\/uploads\/2020\/05\/rt.png\" alt=\"\" class=\"wp-image-132\" srcset=\"https:\/\/apaselda.es\/wp-content\/uploads\/2020\/05\/rt.png 893w, https:\/\/apaselda.es\/wp-content\/uploads\/2020\/05\/rt-300x180.png 300w, https:\/\/apaselda.es\/wp-content\/uploads\/2020\/05\/rt-768x462.png 768w\" sizes=\"(max-width: 767px) 89vw, (max-width: 1000px) 54vw, (max-width: 1071px) 543px, 580px\" \/><\/figure>\n\n\n\n<figure class=\"wp-block-gallery columns-2 is-cropped wp-block-gallery-4 is-layout-flex wp-block-gallery-is-layout-flex\"><ul class=\"blocks-gallery-grid\"><li class=\"blocks-gallery-item\"><figure><img decoding=\"async\" width=\"1024\" height=\"1024\" src=\"http:\/\/apaselda.es\/wp-content\/uploads\/2020\/05\/rgb_sello_vida_saludable-1.jpg\" alt=\"\" data-id=\"131\" data-full-url=\"http:\/\/apaselda.es\/wp-content\/uploads\/2020\/05\/rgb_sello_vida_saludable-1.jpg\" data-link=\"http:\/\/apaselda.es\/?attachment_id=131\" class=\"wp-image-131\" srcset=\"https:\/\/apaselda.es\/wp-content\/uploads\/2020\/05\/rgb_sello_vida_saludable-1.jpg 1024w, https:\/\/apaselda.es\/wp-content\/uploads\/2020\/05\/rgb_sello_vida_saludable-1-300x300.jpg 300w, https:\/\/apaselda.es\/wp-content\/uploads\/2020\/05\/rgb_sello_vida_saludable-1-150x150.jpg 150w, https:\/\/apaselda.es\/wp-content\/uploads\/2020\/05\/rgb_sello_vida_saludable-1-768x768.jpg 768w, https:\/\/apaselda.es\/wp-content\/uploads\/2020\/05\/rgb_sello_vida_saludable-1-100x100.jpg 100w\" sizes=\"(max-width: 767px) 89vw, (max-width: 1000px) 54vw, (max-width: 1071px) 543px, 580px\" \/><\/figure><\/li><li class=\"blocks-gallery-item\"><figure><img loading=\"lazy\" decoding=\"async\" width=\"479\" height=\"293\" src=\"http:\/\/apaselda.es\/wp-content\/uploads\/2020\/05\/df.png\" alt=\"\" data-id=\"127\" data-full-url=\"http:\/\/apaselda.es\/wp-content\/uploads\/2020\/05\/df.png\" data-link=\"http:\/\/apaselda.es\/?attachment_id=127\" class=\"wp-image-127\" srcset=\"https:\/\/apaselda.es\/wp-content\/uploads\/2020\/05\/df.png 479w, https:\/\/apaselda.es\/wp-content\/uploads\/2020\/05\/df-300x184.png 300w\" sizes=\"(max-width: 479px) 100vw, 479px\" \/><\/figure><\/li><\/ul><\/figure>\n\n\n\n<figure class=\"wp-block-gallery columns-2 is-cropped wp-block-gallery-5 is-layout-flex wp-block-gallery-is-layout-flex\"><ul class=\"blocks-gallery-grid\"><li class=\"blocks-gallery-item\"><figure><img loading=\"lazy\" decoding=\"async\" width=\"488\" height=\"359\" src=\"http:\/\/apaselda.es\/wp-content\/uploads\/2020\/05\/Sin-t\u00edtulo.png\" alt=\"\" data-id=\"133\" data-full-url=\"http:\/\/apaselda.es\/wp-content\/uploads\/2020\/05\/Sin-t\u00edtulo.png\" data-link=\"http:\/\/apaselda.es\/?attachment_id=133\" class=\"wp-image-133\" srcset=\"https:\/\/apaselda.es\/wp-content\/uploads\/2020\/05\/Sin-t\u00edtulo.png 488w, https:\/\/apaselda.es\/wp-content\/uploads\/2020\/05\/Sin-t\u00edtulo-300x221.png 300w\" sizes=\"(max-width: 488px) 100vw, 488px\" \/><\/figure><\/li><li class=\"blocks-gallery-item\"><figure><img loading=\"lazy\" decoding=\"async\" width=\"438\" height=\"293\" src=\"http:\/\/apaselda.es\/wp-content\/uploads\/2020\/05\/fgh.png\" alt=\"\" data-id=\"128\" data-full-url=\"http:\/\/apaselda.es\/wp-content\/uploads\/2020\/05\/fgh.png\" data-link=\"http:\/\/apaselda.es\/?attachment_id=128\" class=\"wp-image-128\" srcset=\"https:\/\/apaselda.es\/wp-content\/uploads\/2020\/05\/fgh.png 438w, https:\/\/apaselda.es\/wp-content\/uploads\/2020\/05\/fgh-300x201.png 300w\" sizes=\"(max-width: 438px) 100vw, 438px\" \/><\/figure><\/li><\/ul><\/figure>\n\n\n\n<p>AMPA:<br>Actividades peri\u00f3dicas realizadas por la asociaci\u00f3n<br>El AMPA tiene una relaci\u00f3n fluida con la direcci\u00f3n del centro y existe una relaci\u00f3n y<br>colaboraci\u00f3n mutua teniendo claro que es trabajo de todos<br>Participa activamente en el festival de navidad con el concurso de las postales navide\u00f1as y<br>repartiendo chocolate y churros, ameniza todas las fiestas ( carreras, carnaval, d\u00eda de la paz,<br>torneos, etc ) con el equipo de m\u00fasica, participa en las tradiciones repartiendo las monas de<br>pascua, realiza una fiesta de fin de curso, etc.<br>Actividades extraescolares ofertadas.<br>Hay una gran oferta de actividades extraescolares desde las 16h hasta las 18h tanto deportivas, de baile como de aula ofreciendo muchas gratuitas con la colaboraci\u00f3n conjunta del AMPA y el colegio.<br>Servicio matinal de 8.00 a 9:00h de lunes a viernes sin aviso previo<br>Direcciones de p\u00e1gina web, blogs, Facebook, etc\u2026<br><a href=\"https:\/\/www.facebook.com\/ampapsorolla\/\n\">https:\/\/www.facebook.com\/ampapsorolla\/<br><\/a>Correo electr\u00f3nico:   <a href=\"mailto:apa_pintorsorolla@hotmail.com\">apa_pintorsorolla@hotmail.com<\/a><\/p>\n\n\n\n<figure class=\"wp-block-gallery columns-3 is-cropped wp-block-gallery-6 is-layout-flex wp-block-gallery-is-layout-flex\"><ul class=\"blocks-gallery-grid\"><li class=\"blocks-gallery-item\"><figure><img loading=\"lazy\" decoding=\"async\" width=\"485\" height=\"368\" src=\"http:\/\/apaselda.es\/wp-content\/uploads\/2020\/05\/a5.png\" alt=\"\" data-id=\"125\" data-full-url=\"http:\/\/apaselda.es\/wp-content\/uploads\/2020\/05\/a5.png\" data-link=\"http:\/\/apaselda.es\/?attachment_id=125\" class=\"wp-image-125\" srcset=\"https:\/\/apaselda.es\/wp-content\/uploads\/2020\/05\/a5.png 485w, https:\/\/apaselda.es\/wp-content\/uploads\/2020\/05\/a5-300x228.png 300w\" sizes=\"(max-width: 485px) 100vw, 485px\" \/><\/figure><\/li><li class=\"blocks-gallery-item\"><figure><img loading=\"lazy\" decoding=\"async\" width=\"491\" height=\"364\" src=\"http:\/\/apaselda.es\/wp-content\/uploads\/2020\/05\/a4.png\" alt=\"\" data-id=\"124\" data-full-url=\"http:\/\/apaselda.es\/wp-content\/uploads\/2020\/05\/a4.png\" data-link=\"http:\/\/apaselda.es\/?attachment_id=124\" class=\"wp-image-124\" srcset=\"https:\/\/apaselda.es\/wp-content\/uploads\/2020\/05\/a4.png 491w, https:\/\/apaselda.es\/wp-content\/uploads\/2020\/05\/a4-300x222.png 300w\" sizes=\"(max-width: 491px) 100vw, 491px\" \/><\/figure><\/li><li class=\"blocks-gallery-item\"><figure><img loading=\"lazy\" decoding=\"async\" width=\"486\" height=\"367\" src=\"http:\/\/apaselda.es\/wp-content\/uploads\/2020\/05\/a3.png\" alt=\"\" data-id=\"123\" data-full-url=\"http:\/\/apaselda.es\/wp-content\/uploads\/2020\/05\/a3.png\" data-link=\"http:\/\/apaselda.es\/?attachment_id=123\" class=\"wp-image-123\" srcset=\"https:\/\/apaselda.es\/wp-content\/uploads\/2020\/05\/a3.png 486w, https:\/\/apaselda.es\/wp-content\/uploads\/2020\/05\/a3-300x227.png 300w\" sizes=\"(max-width: 486px) 100vw, 486px\" \/><\/figure><\/li><li class=\"blocks-gallery-item\"><figure><img loading=\"lazy\" decoding=\"async\" width=\"489\" height=\"364\" src=\"http:\/\/apaselda.es\/wp-content\/uploads\/2020\/05\/a2.png\" alt=\"\" data-id=\"122\" data-full-url=\"http:\/\/apaselda.es\/wp-content\/uploads\/2020\/05\/a2.png\" data-link=\"http:\/\/apaselda.es\/?attachment_id=122\" class=\"wp-image-122\" srcset=\"https:\/\/apaselda.es\/wp-content\/uploads\/2020\/05\/a2.png 489w, https:\/\/apaselda.es\/wp-content\/uploads\/2020\/05\/a2-300x223.png 300w\" sizes=\"(max-width: 489px) 100vw, 489px\" \/><\/figure><\/li><li class=\"blocks-gallery-item\"><figure><img loading=\"lazy\" decoding=\"async\" width=\"501\" height=\"378\" src=\"http:\/\/apaselda.es\/wp-content\/uploads\/2020\/05\/a1.png\" alt=\"\" data-id=\"121\" data-full-url=\"http:\/\/apaselda.es\/wp-content\/uploads\/2020\/05\/a1.png\" data-link=\"http:\/\/apaselda.es\/?attachment_id=121\" class=\"wp-image-121\" srcset=\"https:\/\/apaselda.es\/wp-content\/uploads\/2020\/05\/a1.png 501w, https:\/\/apaselda.es\/wp-content\/uploads\/2020\/05\/a1-300x226.png 300w\" sizes=\"(max-width: 501px) 100vw, 501px\" \/><\/figure><\/li><li class=\"blocks-gallery-item\"><figure><img loading=\"lazy\" decoding=\"async\" width=\"502\" height=\"428\" src=\"http:\/\/apaselda.es\/wp-content\/uploads\/2020\/05\/a.png\" alt=\"\" data-id=\"120\" data-full-url=\"http:\/\/apaselda.es\/wp-content\/uploads\/2020\/05\/a.png\" data-link=\"http:\/\/apaselda.es\/?attachment_id=120\" class=\"wp-image-120\" srcset=\"https:\/\/apaselda.es\/wp-content\/uploads\/2020\/05\/a.png 502w, https:\/\/apaselda.es\/wp-content\/uploads\/2020\/05\/a-300x256.png 300w\" sizes=\"(max-width: 502px) 100vw, 502px\" \/><\/figure><\/li><\/ul><\/figure>\n\t\t\t\t\t\t\t\t<\/div>\n\t\t\t\t<\/div>\n\t\t\t\t\t<\/div>\n\t\t<\/div>\n\t\t\t\t\t<\/div>\n\t\t<\/section>\n\t\t\t\t<\/div>\n\t\t","protected":false},"excerpt":{"rendered":"<p>El N\u00famero de l\u00edneas y niveles que se pueden cursar en el centro es de 1\u00ba a 6\u00ba (solo primaria) y dispone de 3 l\u00edneas. VIDEO PUERTAS ABIERTAS https:\/\/www.facebook.com\/aytoelda\/videos\/3775805992490599\/ INFORMACI\u00d3N TRANSICI\u00d3N ALUMNADO 6\u00ba A 1\u00ba ESO http:\/\/colegiopintorsorollaelda.blogspot.com\/2020\/05\/informacion-para-el-alumnado-de-nueva.html?m=1 PROYECTOS ACTUALES EN EL COLE Proyecto deportivo Mi cole lee Huerto escolar dentro del proyecto ecoescuela Radio Sorolla &hellip; <\/p>\n<p class=\"link-more\"><a href=\"https:\/\/apaselda.es\/?page_id=75\" class=\"more-link\">Continuar leyendo<span class=\"screen-reader-text\"> &#8220;CEP PINTOR SOROLLA&#8221;<\/span><\/a><\/p>\n","protected":false},"author":1,"featured_media":0,"parent":0,"menu_order":0,"comment_status":"closed","ping_status":"closed","template":"","meta":{"footnotes":""},"class_list":["post-75","page","type-page","status-publish","hentry"],"_links":{"self":[{"href":"https:\/\/apaselda.es\/index.php?rest_route=\/wp\/v2\/pages\/75","targetHints":{"allow":["GET"]}}],"collection":[{"href":"https:\/\/apaselda.es\/index.php?rest_route=\/wp\/v2\/pages"}],"about":[{"href":"https:\/\/apaselda.es\/index.php?rest_route=\/wp\/v2\/types\/page"}],"author":[{"embeddable":true,"href":"https:\/\/apaselda.es\/index.php?rest_route=\/wp\/v2\/users\/1"}],"replies":[{"embeddable":true,"href":"https:\/\/apaselda.es\/index.php?rest_route=%2Fwp%2Fv2%2Fcomments&post=75"}],"version-history":[{"count":12,"href":"https:\/\/apaselda.es\/index.php?rest_route=\/wp\/v2\/pages\/75\/revisions"}],"predecessor-version":[{"id":665,"href":"https:\/\/apaselda.es\/index.php?rest_route=\/wp\/v2\/pages\/75\/revisions\/665"}],"wp:attachment":[{"href":"https:\/\/apaselda.es\/index.php?rest_route=%2Fwp%2Fv2%2Fmedia&parent=75"}],"curies":[{"name":"wp","href":"https:\/\/api.w.org\/{rel}","templated":true}]}}