{"id":480,"date":"2020-05-26T17:44:54","date_gmt":"2020-05-26T17:44:54","guid":{"rendered":"http:\/\/apaselda.es\/?page_id=480"},"modified":"2026-03-11T21:02:24","modified_gmt":"2026-03-11T21:02:24","slug":"web-matriculacion","status":"publish","type":"page","link":"https:\/\/apaselda.es\/?page_id=480","title":{"rendered":"SOLICITUD  MATRICULACI\u00d3N"},"content":{"rendered":"<div id=\"fb-root\"><\/div>\n\t\t<div data-elementor-type=\"wp-page\" data-elementor-id=\"480\" class=\"elementor elementor-480\">\n\t\t\t\t\t\t<section class=\"elementor-section elementor-top-section elementor-element elementor-element-55bb71e3 elementor-section-boxed elementor-section-height-default elementor-section-height-default\" data-id=\"55bb71e3\" data-element_type=\"section\" data-e-type=\"section\">\n\t\t\t\t\t\t<div class=\"elementor-container elementor-column-gap-default\">\n\t\t\t\t\t<div class=\"elementor-column elementor-col-100 elementor-top-column elementor-element elementor-element-2b8a578d\" data-id=\"2b8a578d\" data-element_type=\"column\" data-e-type=\"column\">\n\t\t\t<div class=\"elementor-widget-wrap elementor-element-populated\">\n\t\t\t\t\t\t<div class=\"elementor-element elementor-element-737d5ae elementor-widget elementor-widget-image\" data-id=\"737d5ae\" data-element_type=\"widget\" data-e-type=\"widget\" data-widget_type=\"image.default\">\n\t\t\t\t<div class=\"elementor-widget-container\">\n\t\t\t\t\t\t\t\t\t\t\t\t\t\t\t<img fetchpriority=\"high\" decoding=\"async\" width=\"525\" height=\"472\" src=\"https:\/\/apaselda.es\/wp-content\/uploads\/2026\/03\/5c5b0562-31d6-457e-b0ff-92dae8cdb713-1024x920.jpg\" class=\"attachment-large size-large wp-image-4193\" alt=\"\" srcset=\"https:\/\/apaselda.es\/wp-content\/uploads\/2026\/03\/5c5b0562-31d6-457e-b0ff-92dae8cdb713-1024x920.jpg 1024w, https:\/\/apaselda.es\/wp-content\/uploads\/2026\/03\/5c5b0562-31d6-457e-b0ff-92dae8cdb713-300x269.jpg 300w, https:\/\/apaselda.es\/wp-content\/uploads\/2026\/03\/5c5b0562-31d6-457e-b0ff-92dae8cdb713-768x690.jpg 768w, https:\/\/apaselda.es\/wp-content\/uploads\/2026\/03\/5c5b0562-31d6-457e-b0ff-92dae8cdb713.jpg 1414w\" sizes=\"100vw\" \/>\t\t\t\t\t\t\t\t\t\t\t\t\t\t\t<\/div>\n\t\t\t\t<\/div>\n\t\t\t\t<div class=\"elementor-element elementor-element-19ac488a elementor-widget elementor-widget-text-editor\" data-id=\"19ac488a\" data-element_type=\"widget\" data-e-type=\"widget\" data-widget_type=\"text-editor.default\">\n\t\t\t\t<div class=\"elementor-widget-container\">\n\t\t\t\t\t\t\t\t\t<p>En el siguiente enlace entrareis al portal web activado para tramitar la admisi\u00f3n telem\u00e1tica del alumnado, donde encontrar\u00e9is toda la informaci\u00f3n.<\/p>\n<p><!-- \/wp:paragraph --><!-- wp:paragraph --><\/p>\n<h1 style=\"text-align: center;\"><a href=\"https:\/\/portal.edu.gva.es\/adminova\/es\/inicio\/\"><strong>INICIAR SOLICITUD<\/strong><\/a><\/h1>\n<p><!-- \/wp:image --><!-- wp:paragraph {\"align\":\"center\"} --><\/p>\n<p class=\"has-text-align-center\"><span class=\"has-inline-color has-vivid-red-color\"><strong>MANUAL PARA LA SOLICITUD DE ADMISI\u00d3N DE CENTROS DOCENTES P\u00daBLICOS Y PRIVADO CONCERTADOS DE INFANTIL Y PRIMARIA<\/strong> <\/span><\/p>\n<p><!-- \/wp:paragraph --><!-- wp:paragraph --><\/p>\n<p><a href=\"http:\/\/www.ceice.gva.es\/webitaca\/docs\/admissio\/guia_asistente_cas_INF_PRI.pdf\">http:\/\/www.ceice.gva.es\/webitaca\/docs\/admissio\/guia_asistente_cas_INF_PRI.pdf<\/a><\/p>\n<p><!-- \/wp:paragraph --><!-- wp:image {\"id\":518,\"sizeSlug\":\"large\"} --><\/p>\n<figure class=\"wp-block-image size-large\"><img decoding=\"async\" width=\"724\" height=\"1024\" class=\"wp-image-518\" src=\"http:\/\/apaselda.es\/wp-content\/uploads\/2020\/06\/guia_asistente_cas_INF_PRI-01-1-724x1024.jpg\" alt=\"\" srcset=\"https:\/\/apaselda.es\/wp-content\/uploads\/2020\/06\/guia_asistente_cas_INF_PRI-01-1-724x1024.jpg 724w, https:\/\/apaselda.es\/wp-content\/uploads\/2020\/06\/guia_asistente_cas_INF_PRI-01-1-212x300.jpg 212w, https:\/\/apaselda.es\/wp-content\/uploads\/2020\/06\/guia_asistente_cas_INF_PRI-01-1-768x1086.jpg 768w, https:\/\/apaselda.es\/wp-content\/uploads\/2020\/06\/guia_asistente_cas_INF_PRI-01-1-1086x1536.jpg 1086w, https:\/\/apaselda.es\/wp-content\/uploads\/2020\/06\/guia_asistente_cas_INF_PRI-01-1-1448x2048.jpg 1448w, https:\/\/apaselda.es\/wp-content\/uploads\/2020\/06\/guia_asistente_cas_INF_PRI-01-1.jpg 1654w\" sizes=\"(max-width: 724px) 100vw, 724px\" \/><\/figure>\n<p><!-- \/wp:image --><!-- wp:image {\"id\":519,\"sizeSlug\":\"large\"} --><\/p>\n<figure class=\"wp-block-image size-large\"><img decoding=\"async\" width=\"724\" height=\"1024\" class=\"wp-image-519\" src=\"http:\/\/apaselda.es\/wp-content\/uploads\/2020\/06\/guia_asistente_cas_INF_PRI-02-1-724x1024.jpg\" alt=\"\" srcset=\"https:\/\/apaselda.es\/wp-content\/uploads\/2020\/06\/guia_asistente_cas_INF_PRI-02-1-724x1024.jpg 724w, https:\/\/apaselda.es\/wp-content\/uploads\/2020\/06\/guia_asistente_cas_INF_PRI-02-1-212x300.jpg 212w, https:\/\/apaselda.es\/wp-content\/uploads\/2020\/06\/guia_asistente_cas_INF_PRI-02-1-768x1086.jpg 768w, https:\/\/apaselda.es\/wp-content\/uploads\/2020\/06\/guia_asistente_cas_INF_PRI-02-1-1086x1536.jpg 1086w, https:\/\/apaselda.es\/wp-content\/uploads\/2020\/06\/guia_asistente_cas_INF_PRI-02-1-1448x2048.jpg 1448w, https:\/\/apaselda.es\/wp-content\/uploads\/2020\/06\/guia_asistente_cas_INF_PRI-02-1.jpg 1654w\" sizes=\"(max-width: 724px) 100vw, 724px\" \/><\/figure>\n<p><!-- \/wp:image --><!-- wp:image {\"id\":520,\"sizeSlug\":\"large\"} --><\/p>\n<figure class=\"wp-block-image size-large\"><img loading=\"lazy\" decoding=\"async\" width=\"724\" height=\"1024\" class=\"wp-image-520\" src=\"http:\/\/apaselda.es\/wp-content\/uploads\/2020\/06\/guia_asistente_cas_INF_PRI-03-1-724x1024.jpg\" alt=\"\" srcset=\"https:\/\/apaselda.es\/wp-content\/uploads\/2020\/06\/guia_asistente_cas_INF_PRI-03-1-724x1024.jpg 724w, https:\/\/apaselda.es\/wp-content\/uploads\/2020\/06\/guia_asistente_cas_INF_PRI-03-1-212x300.jpg 212w, https:\/\/apaselda.es\/wp-content\/uploads\/2020\/06\/guia_asistente_cas_INF_PRI-03-1-768x1086.jpg 768w, https:\/\/apaselda.es\/wp-content\/uploads\/2020\/06\/guia_asistente_cas_INF_PRI-03-1-1086x1536.jpg 1086w, https:\/\/apaselda.es\/wp-content\/uploads\/2020\/06\/guia_asistente_cas_INF_PRI-03-1-1448x2048.jpg 1448w, https:\/\/apaselda.es\/wp-content\/uploads\/2020\/06\/guia_asistente_cas_INF_PRI-03-1.jpg 1654w\" sizes=\"(max-width: 724px) 100vw, 724px\" \/><\/figure>\n<p><!-- \/wp:image --><!-- wp:image {\"id\":521,\"sizeSlug\":\"large\"} --><\/p>\n<figure class=\"wp-block-image size-large\"><img loading=\"lazy\" decoding=\"async\" width=\"724\" height=\"1024\" class=\"wp-image-521\" src=\"http:\/\/apaselda.es\/wp-content\/uploads\/2020\/06\/guia_asistente_cas_INF_PRI-04-1-724x1024.jpg\" alt=\"\" srcset=\"https:\/\/apaselda.es\/wp-content\/uploads\/2020\/06\/guia_asistente_cas_INF_PRI-04-1-724x1024.jpg 724w, https:\/\/apaselda.es\/wp-content\/uploads\/2020\/06\/guia_asistente_cas_INF_PRI-04-1-212x300.jpg 212w, https:\/\/apaselda.es\/wp-content\/uploads\/2020\/06\/guia_asistente_cas_INF_PRI-04-1-768x1086.jpg 768w, https:\/\/apaselda.es\/wp-content\/uploads\/2020\/06\/guia_asistente_cas_INF_PRI-04-1-1086x1536.jpg 1086w, https:\/\/apaselda.es\/wp-content\/uploads\/2020\/06\/guia_asistente_cas_INF_PRI-04-1-1448x2048.jpg 1448w, https:\/\/apaselda.es\/wp-content\/uploads\/2020\/06\/guia_asistente_cas_INF_PRI-04-1.jpg 1654w\" sizes=\"(max-width: 724px) 100vw, 724px\" \/><\/figure>\n<p><!-- \/wp:image --><!-- wp:image {\"id\":522,\"sizeSlug\":\"large\"} --><\/p>\n<figure class=\"wp-block-image size-large\"><img loading=\"lazy\" decoding=\"async\" width=\"724\" height=\"1024\" class=\"wp-image-522\" src=\"http:\/\/apaselda.es\/wp-content\/uploads\/2020\/06\/guia_asistente_cas_INF_PRI-05-1-724x1024.jpg\" alt=\"\" srcset=\"https:\/\/apaselda.es\/wp-content\/uploads\/2020\/06\/guia_asistente_cas_INF_PRI-05-1-724x1024.jpg 724w, https:\/\/apaselda.es\/wp-content\/uploads\/2020\/06\/guia_asistente_cas_INF_PRI-05-1-212x300.jpg 212w, https:\/\/apaselda.es\/wp-content\/uploads\/2020\/06\/guia_asistente_cas_INF_PRI-05-1-768x1086.jpg 768w, https:\/\/apaselda.es\/wp-content\/uploads\/2020\/06\/guia_asistente_cas_INF_PRI-05-1-1086x1536.jpg 1086w, https:\/\/apaselda.es\/wp-content\/uploads\/2020\/06\/guia_asistente_cas_INF_PRI-05-1-1448x2048.jpg 1448w, https:\/\/apaselda.es\/wp-content\/uploads\/2020\/06\/guia_asistente_cas_INF_PRI-05-1.jpg 1654w\" sizes=\"(max-width: 724px) 100vw, 724px\" \/><\/figure>\n<p><!-- \/wp:image --><!-- wp:image {\"id\":523,\"sizeSlug\":\"large\"} --><\/p>\n<figure class=\"wp-block-image size-large\"><img loading=\"lazy\" decoding=\"async\" width=\"724\" height=\"1024\" class=\"wp-image-523\" src=\"http:\/\/apaselda.es\/wp-content\/uploads\/2020\/06\/guia_asistente_cas_INF_PRI-06-1-724x1024.jpg\" alt=\"\" srcset=\"https:\/\/apaselda.es\/wp-content\/uploads\/2020\/06\/guia_asistente_cas_INF_PRI-06-1-724x1024.jpg 724w, https:\/\/apaselda.es\/wp-content\/uploads\/2020\/06\/guia_asistente_cas_INF_PRI-06-1-212x300.jpg 212w, https:\/\/apaselda.es\/wp-content\/uploads\/2020\/06\/guia_asistente_cas_INF_PRI-06-1-768x1086.jpg 768w, https:\/\/apaselda.es\/wp-content\/uploads\/2020\/06\/guia_asistente_cas_INF_PRI-06-1-1086x1536.jpg 1086w, https:\/\/apaselda.es\/wp-content\/uploads\/2020\/06\/guia_asistente_cas_INF_PRI-06-1-1448x2048.jpg 1448w, https:\/\/apaselda.es\/wp-content\/uploads\/2020\/06\/guia_asistente_cas_INF_PRI-06-1.jpg 1654w\" sizes=\"(max-width: 724px) 100vw, 724px\" \/><\/figure>\n<p><!-- \/wp:image --><!-- wp:image {\"id\":524,\"sizeSlug\":\"large\"} --><\/p>\n<figure class=\"wp-block-image size-large\"><img loading=\"lazy\" decoding=\"async\" width=\"724\" height=\"1024\" class=\"wp-image-524\" src=\"http:\/\/apaselda.es\/wp-content\/uploads\/2020\/06\/guia_asistente_cas_INF_PRI-07-1-724x1024.jpg\" alt=\"\" srcset=\"https:\/\/apaselda.es\/wp-content\/uploads\/2020\/06\/guia_asistente_cas_INF_PRI-07-1-724x1024.jpg 724w, https:\/\/apaselda.es\/wp-content\/uploads\/2020\/06\/guia_asistente_cas_INF_PRI-07-1-212x300.jpg 212w, https:\/\/apaselda.es\/wp-content\/uploads\/2020\/06\/guia_asistente_cas_INF_PRI-07-1-768x1086.jpg 768w, https:\/\/apaselda.es\/wp-content\/uploads\/2020\/06\/guia_asistente_cas_INF_PRI-07-1-1086x1536.jpg 1086w, https:\/\/apaselda.es\/wp-content\/uploads\/2020\/06\/guia_asistente_cas_INF_PRI-07-1-1448x2048.jpg 1448w, https:\/\/apaselda.es\/wp-content\/uploads\/2020\/06\/guia_asistente_cas_INF_PRI-07-1.jpg 1654w\" sizes=\"(max-width: 724px) 100vw, 724px\" \/><\/figure>\n<p><!-- \/wp:image --><!-- wp:image {\"id\":525,\"sizeSlug\":\"large\"} --><\/p>\n<figure class=\"wp-block-image size-large\"><img loading=\"lazy\" decoding=\"async\" width=\"724\" height=\"1024\" class=\"wp-image-525\" src=\"http:\/\/apaselda.es\/wp-content\/uploads\/2020\/06\/guia_asistente_cas_INF_PRI-08-1-724x1024.jpg\" alt=\"\" srcset=\"https:\/\/apaselda.es\/wp-content\/uploads\/2020\/06\/guia_asistente_cas_INF_PRI-08-1-724x1024.jpg 724w, https:\/\/apaselda.es\/wp-content\/uploads\/2020\/06\/guia_asistente_cas_INF_PRI-08-1-212x300.jpg 212w, https:\/\/apaselda.es\/wp-content\/uploads\/2020\/06\/guia_asistente_cas_INF_PRI-08-1-768x1086.jpg 768w, https:\/\/apaselda.es\/wp-content\/uploads\/2020\/06\/guia_asistente_cas_INF_PRI-08-1-1086x1536.jpg 1086w, https:\/\/apaselda.es\/wp-content\/uploads\/2020\/06\/guia_asistente_cas_INF_PRI-08-1-1448x2048.jpg 1448w, https:\/\/apaselda.es\/wp-content\/uploads\/2020\/06\/guia_asistente_cas_INF_PRI-08-1.jpg 1654w\" sizes=\"(max-width: 724px) 100vw, 724px\" \/><\/figure>\n<p><!-- \/wp:image --><!-- wp:image {\"id\":526,\"sizeSlug\":\"large\"} --><\/p>\n<figure class=\"wp-block-image size-large\"><img loading=\"lazy\" decoding=\"async\" width=\"724\" height=\"1024\" class=\"wp-image-526\" src=\"http:\/\/apaselda.es\/wp-content\/uploads\/2020\/06\/guia_asistente_cas_INF_PRI-09-1-724x1024.jpg\" alt=\"\" srcset=\"https:\/\/apaselda.es\/wp-content\/uploads\/2020\/06\/guia_asistente_cas_INF_PRI-09-1-724x1024.jpg 724w, https:\/\/apaselda.es\/wp-content\/uploads\/2020\/06\/guia_asistente_cas_INF_PRI-09-1-212x300.jpg 212w, https:\/\/apaselda.es\/wp-content\/uploads\/2020\/06\/guia_asistente_cas_INF_PRI-09-1-768x1086.jpg 768w, https:\/\/apaselda.es\/wp-content\/uploads\/2020\/06\/guia_asistente_cas_INF_PRI-09-1-1086x1536.jpg 1086w, https:\/\/apaselda.es\/wp-content\/uploads\/2020\/06\/guia_asistente_cas_INF_PRI-09-1-1448x2048.jpg 1448w, https:\/\/apaselda.es\/wp-content\/uploads\/2020\/06\/guia_asistente_cas_INF_PRI-09-1.jpg 1654w\" sizes=\"(max-width: 724px) 100vw, 724px\" \/><\/figure>\n<p><!-- \/wp:image --><!-- wp:image {\"id\":527,\"sizeSlug\":\"large\"} --><\/p>\n<figure class=\"wp-block-image size-large\"><img loading=\"lazy\" decoding=\"async\" width=\"724\" height=\"1024\" class=\"wp-image-527\" src=\"http:\/\/apaselda.es\/wp-content\/uploads\/2020\/06\/guia_asistente_cas_INF_PRI-10-1-724x1024.jpg\" alt=\"\" srcset=\"https:\/\/apaselda.es\/wp-content\/uploads\/2020\/06\/guia_asistente_cas_INF_PRI-10-1-724x1024.jpg 724w, https:\/\/apaselda.es\/wp-content\/uploads\/2020\/06\/guia_asistente_cas_INF_PRI-10-1-212x300.jpg 212w, https:\/\/apaselda.es\/wp-content\/uploads\/2020\/06\/guia_asistente_cas_INF_PRI-10-1-768x1086.jpg 768w, https:\/\/apaselda.es\/wp-content\/uploads\/2020\/06\/guia_asistente_cas_INF_PRI-10-1-1086x1536.jpg 1086w, https:\/\/apaselda.es\/wp-content\/uploads\/2020\/06\/guia_asistente_cas_INF_PRI-10-1-1448x2048.jpg 1448w, https:\/\/apaselda.es\/wp-content\/uploads\/2020\/06\/guia_asistente_cas_INF_PRI-10-1.jpg 1654w\" sizes=\"(max-width: 724px) 100vw, 724px\" \/><\/figure>\n<p><!-- \/wp:image --><!-- wp:image {\"id\":528,\"sizeSlug\":\"large\"} --><\/p>\n<figure class=\"wp-block-image size-large\"><img loading=\"lazy\" decoding=\"async\" width=\"724\" height=\"1024\" class=\"wp-image-528\" src=\"http:\/\/apaselda.es\/wp-content\/uploads\/2020\/06\/guia_asistente_cas_INF_PRI-11-1-724x1024.jpg\" alt=\"\" srcset=\"https:\/\/apaselda.es\/wp-content\/uploads\/2020\/06\/guia_asistente_cas_INF_PRI-11-1-724x1024.jpg 724w, https:\/\/apaselda.es\/wp-content\/uploads\/2020\/06\/guia_asistente_cas_INF_PRI-11-1-212x300.jpg 212w, https:\/\/apaselda.es\/wp-content\/uploads\/2020\/06\/guia_asistente_cas_INF_PRI-11-1-768x1086.jpg 768w, https:\/\/apaselda.es\/wp-content\/uploads\/2020\/06\/guia_asistente_cas_INF_PRI-11-1-1086x1536.jpg 1086w, https:\/\/apaselda.es\/wp-content\/uploads\/2020\/06\/guia_asistente_cas_INF_PRI-11-1-1448x2048.jpg 1448w, https:\/\/apaselda.es\/wp-content\/uploads\/2020\/06\/guia_asistente_cas_INF_PRI-11-1.jpg 1654w\" sizes=\"(max-width: 724px) 100vw, 724px\" \/><\/figure>\n<p><!-- \/wp:image --><!-- wp:image {\"id\":529,\"sizeSlug\":\"large\"} --><\/p>\n<figure class=\"wp-block-image size-large\"><img loading=\"lazy\" decoding=\"async\" width=\"724\" height=\"1024\" class=\"wp-image-529\" src=\"http:\/\/apaselda.es\/wp-content\/uploads\/2020\/06\/guia_asistente_cas_INF_PRI-12-1-724x1024.jpg\" alt=\"\" srcset=\"https:\/\/apaselda.es\/wp-content\/uploads\/2020\/06\/guia_asistente_cas_INF_PRI-12-1-724x1024.jpg 724w, https:\/\/apaselda.es\/wp-content\/uploads\/2020\/06\/guia_asistente_cas_INF_PRI-12-1-212x300.jpg 212w, https:\/\/apaselda.es\/wp-content\/uploads\/2020\/06\/guia_asistente_cas_INF_PRI-12-1-768x1086.jpg 768w, https:\/\/apaselda.es\/wp-content\/uploads\/2020\/06\/guia_asistente_cas_INF_PRI-12-1-1086x1536.jpg 1086w, https:\/\/apaselda.es\/wp-content\/uploads\/2020\/06\/guia_asistente_cas_INF_PRI-12-1-1448x2048.jpg 1448w, https:\/\/apaselda.es\/wp-content\/uploads\/2020\/06\/guia_asistente_cas_INF_PRI-12-1.jpg 1654w\" sizes=\"(max-width: 724px) 100vw, 724px\" \/><\/figure>\n<p><!-- \/wp:image --><!-- wp:paragraph --><\/p>\n<p><!-- \/wp:paragraph --><\/p>\t\t\t\t\t\t\t\t<\/div>\n\t\t\t\t<\/div>\n\t\t\t\t\t<\/div>\n\t\t<\/div>\n\t\t\t\t\t<\/div>\n\t\t<\/section>\n\t\t\t\t<\/div>\n\t\t","protected":false},"excerpt":{"rendered":"<p>En el siguiente enlace entrareis al portal web activado para tramitar la admisi\u00f3n telem\u00e1tica del alumnado, donde encontrar\u00e9is toda la informaci\u00f3n. INICIAR SOLICITUD MANUAL PARA LA SOLICITUD DE ADMISI\u00d3N DE CENTROS DOCENTES P\u00daBLICOS Y PRIVADO CONCERTADOS DE INFANTIL Y PRIMARIA http:\/\/www.ceice.gva.es\/webitaca\/docs\/admissio\/guia_asistente_cas_INF_PRI.pdf<\/p>\n","protected":false},"author":1,"featured_media":0,"parent":0,"menu_order":0,"comment_status":"closed","ping_status":"closed","template":"","meta":{"footnotes":""},"class_list":["post-480","page","type-page","status-publish","hentry"],"_links":{"self":[{"href":"https:\/\/apaselda.es\/index.php?rest_route=\/wp\/v2\/pages\/480","targetHints":{"allow":["GET"]}}],"collection":[{"href":"https:\/\/apaselda.es\/index.php?rest_route=\/wp\/v2\/pages"}],"about":[{"href":"https:\/\/apaselda.es\/index.php?rest_route=\/wp\/v2\/types\/page"}],"author":[{"embeddable":true,"href":"https:\/\/apaselda.es\/index.php?rest_route=\/wp\/v2\/users\/1"}],"replies":[{"embeddable":true,"href":"https:\/\/apaselda.es\/index.php?rest_route=%2Fwp%2Fv2%2Fcomments&post=480"}],"version-history":[{"count":40,"href":"https:\/\/apaselda.es\/index.php?rest_route=\/wp\/v2\/pages\/480\/revisions"}],"predecessor-version":[{"id":4199,"href":"https:\/\/apaselda.es\/index.php?rest_route=\/wp\/v2\/pages\/480\/revisions\/4199"}],"wp:attachment":[{"href":"https:\/\/apaselda.es\/index.php?rest_route=%2Fwp%2Fv2%2Fmedia&parent=480"}],"curies":[{"name":"wp","href":"https:\/\/api.w.org\/{rel}","templated":true}]}}