{"id":373,"date":"2020-05-14T22:19:46","date_gmt":"2020-05-14T22:19:46","guid":{"rendered":"http:\/\/apaselda.es\/?page_id=373"},"modified":"2021-05-18T19:50:38","modified_gmt":"2021-05-18T19:50:38","slug":"preferencias","status":"publish","type":"page","link":"https:\/\/apaselda.es\/?page_id=373","title":{"rendered":"PREFERENCIAS"},"content":{"rendered":"<div id=\"fb-root\"><\/div>\n\t\t<div data-elementor-type=\"wp-page\" data-elementor-id=\"373\" class=\"elementor elementor-373\">\n\t\t\t\t\t\t<section class=\"elementor-section elementor-top-section elementor-element elementor-element-3eaef529 elementor-section-boxed elementor-section-height-default elementor-section-height-default\" data-id=\"3eaef529\" data-element_type=\"section\" data-e-type=\"section\">\n\t\t\t\t\t\t<div class=\"elementor-container elementor-column-gap-default\">\n\t\t\t\t\t<div class=\"elementor-column elementor-col-100 elementor-top-column elementor-element elementor-element-20f49760\" data-id=\"20f49760\" data-element_type=\"column\" data-e-type=\"column\">\n\t\t\t<div class=\"elementor-widget-wrap elementor-element-populated\">\n\t\t\t\t\t\t<div class=\"elementor-element elementor-element-6adde960 elementor-widget elementor-widget-text-editor\" data-id=\"6adde960\" data-element_type=\"widget\" data-e-type=\"widget\" data-widget_type=\"text-editor.default\">\n\t\t\t\t<div class=\"elementor-widget-container\">\n\t\t\t\t\t\t\t\t\t\n<p><strong>La preferencia de acceso a los centros se efectuar\u00e1 conforme el orden de prelaci\u00f3n siguiente:<\/strong><\/p>\n\n\n\n<p><br><strong>1.<\/strong> El alumnado procedente del mismo centro escolar.<br><strong>2<\/strong>. El alumnado procedente de los centros adscritos.<br><strong>3.<\/strong> El alumnado que se encuentre en situaci\u00f3n de acogimiento familiar.<br>Este alumnado tendr\u00e1 preferencia para acceder, a elecci\u00f3n de la familia, al centro donde est\u00e9n escolarizados los hijos o hijas de la familia acogedora u otros menores a su cargo, o a un centro situado en el \u00e1rea de influencia de su domicilio familiar o laboral.<br><strong>4. <\/strong>El alumnado de acogimiento residencial.<br><strong>5.<\/strong> El alumnado que deba cambiar de residencia por causa de violencia de g\u00e9nero o de terrorismo.<br><strong>6<\/strong>. El alumnado que deba cambiar de domicilio como consecuencia de desahucio familiar.<br><strong>7<\/strong>. El alumnado deportista de \u00e9lite, de alto nivel y el de alto rendimiento tendr\u00e1 preferencia para acceder al centro situado en la zona de influencia del lugar donde se realice el entrenamiento.<br><strong>8.<\/strong> La conselleria que tenga atribuida las competencias en materia educativa podr\u00e1 determinar los centros de Educaci\u00f3n Secundaria en los que tendr\u00e1n prioridad en la admisi\u00f3n los alumnos o alumnas que cursen simult\u00e1neamente ense\u00f1anzas de Educaci\u00f3n Secundaria, ense\u00f1anzas regladas de m\u00fasica o de danza y el alumnado deportista de \u00e9lite, de alto nivel y el de alto rendimiento.<br><strong>9.<\/strong> El alumnado del centro tendr\u00e1 preferencia para acceder a las plazas vacantes ofertadas en su propio centro cuando se trate de las plazas de primer curso de Bachillerato de las modalidades de Humanidades y Ciencias Sociales y de Ciencias.<br>En el caso de que el n\u00famero de alumnos y alumnas que opte por acceder al primer curso de Bachillerato de dichas modalidades exceda de las vacantes del mismo, se garantiza un puesto escolar en otro instituto de Educaci\u00f3n Secundaria o centro de su localidad, lo m\u00e1s pr\u00f3ximo posible a su centro de origen.<\/p>\n\t\t\t\t\t\t\t\t<\/div>\n\t\t\t\t<\/div>\n\t\t\t\t\t<\/div>\n\t\t<\/div>\n\t\t\t\t\t<\/div>\n\t\t<\/section>\n\t\t\t\t<\/div>\n\t\t","protected":false},"excerpt":{"rendered":"<p>La preferencia de acceso a los centros se efectuar\u00e1 conforme el orden de prelaci\u00f3n siguiente: 1. El alumnado procedente del mismo centro escolar.2. El alumnado procedente de los centros adscritos.3. El alumnado que se encuentre en situaci\u00f3n de acogimiento familiar.Este alumnado tendr\u00e1 preferencia para acceder, a elecci\u00f3n de la familia, al centro donde est\u00e9n escolarizados &hellip; <\/p>\n<p class=\"link-more\"><a href=\"https:\/\/apaselda.es\/?page_id=373\" class=\"more-link\">Continuar leyendo<span class=\"screen-reader-text\"> &#8220;PREFERENCIAS&#8221;<\/span><\/a><\/p>\n","protected":false},"author":1,"featured_media":0,"parent":0,"menu_order":0,"comment_status":"closed","ping_status":"closed","template":"","meta":{"footnotes":""},"class_list":["post-373","page","type-page","status-publish","hentry"],"_links":{"self":[{"href":"https:\/\/apaselda.es\/index.php?rest_route=\/wp\/v2\/pages\/373","targetHints":{"allow":["GET"]}}],"collection":[{"href":"https:\/\/apaselda.es\/index.php?rest_route=\/wp\/v2\/pages"}],"about":[{"href":"https:\/\/apaselda.es\/index.php?rest_route=\/wp\/v2\/types\/page"}],"author":[{"embeddable":true,"href":"https:\/\/apaselda.es\/index.php?rest_route=\/wp\/v2\/users\/1"}],"replies":[{"embeddable":true,"href":"https:\/\/apaselda.es\/index.php?rest_route=%2Fwp%2Fv2%2Fcomments&post=373"}],"version-history":[{"count":6,"href":"https:\/\/apaselda.es\/index.php?rest_route=\/wp\/v2\/pages\/373\/revisions"}],"predecessor-version":[{"id":731,"href":"https:\/\/apaselda.es\/index.php?rest_route=\/wp\/v2\/pages\/373\/revisions\/731"}],"wp:attachment":[{"href":"https:\/\/apaselda.es\/index.php?rest_route=%2Fwp%2Fv2%2Fmedia&parent=373"}],"curies":[{"name":"wp","href":"https:\/\/api.w.org\/{rel}","templated":true}]}}