{"id":349,"date":"2020-05-14T21:33:54","date_gmt":"2020-05-14T21:33:54","guid":{"rendered":"http:\/\/apaselda.es\/?page_id=349"},"modified":"2026-03-11T20:40:11","modified_gmt":"2026-03-11T20:40:11","slug":"calendario","status":"publish","type":"page","link":"https:\/\/apaselda.es\/?page_id=349","title":{"rendered":"CALENDARIO"},"content":{"rendered":"<div id=\"fb-root\"><\/div>\n\t\t<div data-elementor-type=\"wp-page\" data-elementor-id=\"349\" class=\"elementor elementor-349\">\n\t\t\t\t\t\t<section class=\"elementor-section elementor-top-section elementor-element elementor-element-6d3be348 elementor-section-boxed elementor-section-height-default elementor-section-height-default\" data-id=\"6d3be348\" data-element_type=\"section\" data-e-type=\"section\">\n\t\t\t\t\t\t<div class=\"elementor-container elementor-column-gap-default\">\n\t\t\t\t\t<div class=\"elementor-column elementor-col-100 elementor-top-column elementor-element elementor-element-635c9b4b\" data-id=\"635c9b4b\" data-element_type=\"column\" data-e-type=\"column\">\n\t\t\t<div class=\"elementor-widget-wrap elementor-element-populated\">\n\t\t\t\t\t\t<div class=\"elementor-element elementor-element-531eca9d elementor-widget elementor-widget-text-editor\" data-id=\"531eca9d\" data-element_type=\"widget\" data-e-type=\"widget\" data-widget_type=\"text-editor.default\">\n\t\t\t\t<div class=\"elementor-widget-container\">\n\t\t\t\t\t\t\t\t\t<p><\/p>\n<p>Ya est\u00e1 disponible los calendarios de admisi\u00f3n para el curso <strong>2026-2027<\/strong>\u00a0para las ense\u00f1anzas de educaci\u00f3n infantil, educaci\u00f3n primaria, educaci\u00f3n secundaria obligatoria, bachillerato y formaci\u00f3n profesional en la Comunitat Valenciana.<\/p>\n<p><\/p>\n<p><\/p>\t\t\t\t\t\t\t\t<\/div>\n\t\t\t\t<\/div>\n\t\t\t\t\t<\/div>\n\t\t<\/div>\n\t\t\t\t\t<\/div>\n\t\t<\/section>\n\t\t\t\t<section class=\"elementor-section elementor-top-section elementor-element elementor-element-b226770 elementor-section-boxed elementor-section-height-default elementor-section-height-default\" data-id=\"b226770\" data-element_type=\"section\" data-e-type=\"section\">\n\t\t\t\t\t\t<div class=\"elementor-container elementor-column-gap-default\">\n\t\t\t\t\t<div class=\"elementor-column elementor-col-100 elementor-top-column elementor-element elementor-element-a3c6043\" data-id=\"a3c6043\" data-element_type=\"column\" data-e-type=\"column\">\n\t\t\t<div class=\"elementor-widget-wrap elementor-element-populated\">\n\t\t\t\t\t\t<div class=\"elementor-element elementor-element-eaff49b elementor-widget elementor-widget-image\" data-id=\"eaff49b\" data-element_type=\"widget\" data-e-type=\"widget\" data-widget_type=\"image.default\">\n\t\t\t\t<div class=\"elementor-widget-container\">\n\t\t\t\t\t\t\t\t\t\t\t\t\t\t\t<img fetchpriority=\"high\" decoding=\"async\" width=\"525\" height=\"371\" src=\"https:\/\/apaselda.es\/wp-content\/uploads\/2026\/03\/00c7abde-eb19-4470-b5c1-e1dac4d7215c-1024x724.jpg\" class=\"attachment-large size-large wp-image-4147\" alt=\"\" srcset=\"https:\/\/apaselda.es\/wp-content\/uploads\/2026\/03\/00c7abde-eb19-4470-b5c1-e1dac4d7215c-1024x724.jpg 1024w, https:\/\/apaselda.es\/wp-content\/uploads\/2026\/03\/00c7abde-eb19-4470-b5c1-e1dac4d7215c-300x212.jpg 300w, https:\/\/apaselda.es\/wp-content\/uploads\/2026\/03\/00c7abde-eb19-4470-b5c1-e1dac4d7215c-768x543.jpg 768w, https:\/\/apaselda.es\/wp-content\/uploads\/2026\/03\/00c7abde-eb19-4470-b5c1-e1dac4d7215c-1536x1087.jpg 1536w, https:\/\/apaselda.es\/wp-content\/uploads\/2026\/03\/00c7abde-eb19-4470-b5c1-e1dac4d7215c.jpg 2000w\" sizes=\"100vw\" \/>\t\t\t\t\t\t\t\t\t\t\t\t\t\t\t<\/div>\n\t\t\t\t<\/div>\n\t\t\t\t\t<\/div>\n\t\t<\/div>\n\t\t\t\t\t<\/div>\n\t\t<\/section>\n\t\t\t\t<section class=\"elementor-section elementor-top-section elementor-element elementor-element-54c765f elementor-section-boxed elementor-section-height-default elementor-section-height-default\" data-id=\"54c765f\" data-element_type=\"section\" data-e-type=\"section\">\n\t\t\t\t\t\t<div class=\"elementor-container elementor-column-gap-default\">\n\t\t\t\t\t<div class=\"elementor-column elementor-col-100 elementor-top-column elementor-element elementor-element-33b1309\" data-id=\"33b1309\" data-element_type=\"column\" data-e-type=\"column\">\n\t\t\t<div class=\"elementor-widget-wrap elementor-element-populated\">\n\t\t\t\t\t\t<div class=\"elementor-element elementor-element-62da334 elementor-widget elementor-widget-image\" data-id=\"62da334\" data-element_type=\"widget\" data-e-type=\"widget\" data-widget_type=\"image.default\">\n\t\t\t\t<div class=\"elementor-widget-container\">\n\t\t\t\t\t\t\t\t\t\t\t\t\t\t\t<img decoding=\"async\" width=\"525\" height=\"371\" src=\"https:\/\/apaselda.es\/wp-content\/uploads\/2026\/03\/0bb51833-25d6-4038-ba32-5e2fe34af15a-1024x724.jpg\" class=\"attachment-large size-large wp-image-4148\" alt=\"\" srcset=\"https:\/\/apaselda.es\/wp-content\/uploads\/2026\/03\/0bb51833-25d6-4038-ba32-5e2fe34af15a-1024x724.jpg 1024w, https:\/\/apaselda.es\/wp-content\/uploads\/2026\/03\/0bb51833-25d6-4038-ba32-5e2fe34af15a-300x212.jpg 300w, https:\/\/apaselda.es\/wp-content\/uploads\/2026\/03\/0bb51833-25d6-4038-ba32-5e2fe34af15a-768x543.jpg 768w, https:\/\/apaselda.es\/wp-content\/uploads\/2026\/03\/0bb51833-25d6-4038-ba32-5e2fe34af15a-1536x1087.jpg 1536w, https:\/\/apaselda.es\/wp-content\/uploads\/2026\/03\/0bb51833-25d6-4038-ba32-5e2fe34af15a.jpg 2000w\" sizes=\"100vw\" \/>\t\t\t\t\t\t\t\t\t\t\t\t\t\t\t<\/div>\n\t\t\t\t<\/div>\n\t\t\t\t\t<\/div>\n\t\t<\/div>\n\t\t\t\t\t<\/div>\n\t\t<\/section>\n\t\t\t\t<section class=\"elementor-section elementor-top-section elementor-element elementor-element-b0ee415 elementor-section-boxed elementor-section-height-default elementor-section-height-default\" data-id=\"b0ee415\" data-element_type=\"section\" data-e-type=\"section\">\n\t\t\t\t\t\t<div class=\"elementor-container elementor-column-gap-default\">\n\t\t\t\t\t<div class=\"elementor-column elementor-col-100 elementor-top-column elementor-element elementor-element-13d3c4a\" data-id=\"13d3c4a\" data-element_type=\"column\" data-e-type=\"column\">\n\t\t\t<div class=\"elementor-widget-wrap elementor-element-populated\">\n\t\t\t\t\t\t<div class=\"elementor-element elementor-element-c1843d3 elementor-widget elementor-widget-image\" data-id=\"c1843d3\" data-element_type=\"widget\" data-e-type=\"widget\" data-widget_type=\"image.default\">\n\t\t\t\t<div class=\"elementor-widget-container\">\n\t\t\t\t\t\t\t\t\t\t\t\t\t\t\t<img decoding=\"async\" width=\"525\" height=\"371\" src=\"https:\/\/apaselda.es\/wp-content\/uploads\/2026\/03\/8df68cd7-137d-4f8e-8e95-036bc9937459-1024x724.jpg\" class=\"attachment-large size-large wp-image-4149\" alt=\"\" srcset=\"https:\/\/apaselda.es\/wp-content\/uploads\/2026\/03\/8df68cd7-137d-4f8e-8e95-036bc9937459-1024x724.jpg 1024w, https:\/\/apaselda.es\/wp-content\/uploads\/2026\/03\/8df68cd7-137d-4f8e-8e95-036bc9937459-300x212.jpg 300w, https:\/\/apaselda.es\/wp-content\/uploads\/2026\/03\/8df68cd7-137d-4f8e-8e95-036bc9937459-768x543.jpg 768w, https:\/\/apaselda.es\/wp-content\/uploads\/2026\/03\/8df68cd7-137d-4f8e-8e95-036bc9937459-1536x1087.jpg 1536w, https:\/\/apaselda.es\/wp-content\/uploads\/2026\/03\/8df68cd7-137d-4f8e-8e95-036bc9937459.jpg 2000w\" sizes=\"100vw\" \/>\t\t\t\t\t\t\t\t\t\t\t\t\t\t\t<\/div>\n\t\t\t\t<\/div>\n\t\t\t\t\t<\/div>\n\t\t<\/div>\n\t\t\t\t\t<\/div>\n\t\t<\/section>\n\t\t\t\t<section class=\"elementor-section elementor-top-section elementor-element elementor-element-b86d2a1 elementor-section-boxed elementor-section-height-default elementor-section-height-default\" data-id=\"b86d2a1\" data-element_type=\"section\" data-e-type=\"section\">\n\t\t\t\t\t\t<div class=\"elementor-container elementor-column-gap-default\">\n\t\t\t\t\t<div class=\"elementor-column elementor-col-100 elementor-top-column elementor-element elementor-element-7c6725e\" data-id=\"7c6725e\" data-element_type=\"column\" data-e-type=\"column\">\n\t\t\t<div class=\"elementor-widget-wrap elementor-element-populated\">\n\t\t\t\t\t\t<div class=\"elementor-element elementor-element-8df1d99 elementor-align-center elementor-widget elementor-widget-button\" data-id=\"8df1d99\" data-element_type=\"widget\" data-e-type=\"widget\" data-widget_type=\"button.default\">\n\t\t\t\t<div class=\"elementor-widget-container\">\n\t\t\t\t\t\t\t\t\t<div class=\"elementor-button-wrapper\">\n\t\t\t\t\t<a class=\"elementor-button elementor-button-link elementor-size-sm\" href=\"http:\/\/apaselda.es\/wp-content\/uploads\/2026\/03\/decreto-conselleria.pdf\">\n\t\t\t\t\t\t<span class=\"elementor-button-content-wrapper\">\n\t\t\t\t\t\t\t\t\t<span class=\"elementor-button-text\">Decreto de Conselleria<\/span>\n\t\t\t\t\t<\/span>\n\t\t\t\t\t<\/a>\n\t\t\t\t<\/div>\n\t\t\t\t\t\t\t\t<\/div>\n\t\t\t\t<\/div>\n\t\t\t\t\t<\/div>\n\t\t<\/div>\n\t\t\t\t\t<\/div>\n\t\t<\/section>\n\t\t\t\t<\/div>\n\t\t","protected":false},"excerpt":{"rendered":"<p>Ya est\u00e1 disponible los calendarios de admisi\u00f3n para el curso 2026-2027\u00a0para las ense\u00f1anzas de educaci\u00f3n infantil, educaci\u00f3n primaria, educaci\u00f3n secundaria obligatoria, bachillerato y formaci\u00f3n profesional en la Comunitat Valenciana. Decreto de Conselleria<\/p>\n","protected":false},"author":1,"featured_media":0,"parent":0,"menu_order":0,"comment_status":"closed","ping_status":"closed","template":"","meta":{"footnotes":""},"class_list":["post-349","page","type-page","status-publish","hentry"],"_links":{"self":[{"href":"https:\/\/apaselda.es\/index.php?rest_route=\/wp\/v2\/pages\/349","targetHints":{"allow":["GET"]}}],"collection":[{"href":"https:\/\/apaselda.es\/index.php?rest_route=\/wp\/v2\/pages"}],"about":[{"href":"https:\/\/apaselda.es\/index.php?rest_route=\/wp\/v2\/types\/page"}],"author":[{"embeddable":true,"href":"https:\/\/apaselda.es\/index.php?rest_route=\/wp\/v2\/users\/1"}],"replies":[{"embeddable":true,"href":"https:\/\/apaselda.es\/index.php?rest_route=%2Fwp%2Fv2%2Fcomments&post=349"}],"version-history":[{"count":60,"href":"https:\/\/apaselda.es\/index.php?rest_route=\/wp\/v2\/pages\/349\/revisions"}],"predecessor-version":[{"id":4159,"href":"https:\/\/apaselda.es\/index.php?rest_route=\/wp\/v2\/pages\/349\/revisions\/4159"}],"wp:attachment":[{"href":"https:\/\/apaselda.es\/index.php?rest_route=%2Fwp%2Fv2%2Fmedia&parent=349"}],"curies":[{"name":"wp","href":"https:\/\/api.w.org\/{rel}","templated":true}]}}