{"id":28,"date":"2020-05-10T16:37:29","date_gmt":"2020-05-10T16:37:29","guid":{"rendered":"http:\/\/apaselda.es\/?page_id=28"},"modified":"2023-03-23T20:17:54","modified_gmt":"2023-03-23T20:17:54","slug":"ceip-santo-negro","status":"publish","type":"page","link":"https:\/\/apaselda.es\/?page_id=28","title":{"rendered":"CEIP SANTO NEGRO"},"content":{"rendered":"<div id=\"fb-root\"><\/div>\n\t\t<div data-elementor-type=\"wp-page\" data-elementor-id=\"28\" class=\"elementor elementor-28\">\n\t\t\t\t\t\t<section class=\"elementor-section elementor-top-section elementor-element elementor-element-7ab0d828 elementor-section-boxed elementor-section-height-default elementor-section-height-default\" data-id=\"7ab0d828\" data-element_type=\"section\" data-e-type=\"section\">\n\t\t\t\t\t\t<div class=\"elementor-container elementor-column-gap-default\">\n\t\t\t\t\t<div class=\"elementor-column elementor-col-100 elementor-top-column elementor-element elementor-element-2cd122d9\" data-id=\"2cd122d9\" data-element_type=\"column\" data-e-type=\"column\">\n\t\t\t<div class=\"elementor-widget-wrap elementor-element-populated\">\n\t\t\t\t\t\t<div class=\"elementor-element elementor-element-30193449 elementor-widget elementor-widget-text-editor\" data-id=\"30193449\" data-element_type=\"widget\" data-e-type=\"widget\" data-widget_type=\"text-editor.default\">\n\t\t\t\t<div class=\"elementor-widget-container\">\n\t\t\t\t\t\t\t\t\t<p><\/p>\n<p>Nombre del centro educativo:\u00a0 SANTO NEGRO, Carretera Sax s\/n<\/p>\n<p>Centro de Educaci\u00f3n infantil y Educaci\u00f3n Primaria de dos l\u00edneas educativas, cuenta con 2 aulas de 2 a\u00f1os<\/p>\n<p>Tel\u00e9fono : 966957745 Pagina Web: <a href=\"http:\/\/www.santonegro.org\">www.santonegro.org<\/a><\/p>\n<p>correo electr\u00f3nico:\u00a0 03010247@edu.gva.es<\/p>\n<p>Horario de atenci\u00f3n Secretar\u00eda: Jueves de 9:00-9:30h Direcci\u00f3n: Mi\u00e9rcoles y Viernes \u00a0de 9:00-10:00, otros horarios solicitar cita a trav\u00e9s del correo electr\u00f3nico.<\/p>\n<p>Si tuvi\u00e9ramos que decir algo que nos caracteriza es nuestra \u201cCALIDAD EDUCATIVA Y CALIDEZ HUMANA\u201d <strong>44 a\u00f1os nos avalan<\/strong>.\u00a0 Con un equipo de maestras y maestros definitivos, con una trayectoria profesional impecable, un trato hacia el alumnado y sus familias cercano, humano, lo que convierte la ense\u00f1anza en individualizada y personal. Centro de\u00a0<strong>Educaci\u00f3n Infantil<\/strong>\u00a0y\u00a0<strong>Primaria<\/strong>\u00a0de doble l\u00ednea que actualmente cuenta con 20 unidades: 2 aulas de 1er ciclo de Educaci\u00f3n Infantil (2 a\u00f1os), 6 aulas de 2\u00ba ciclo de Educaci\u00f3n Infantil (de 3 a 6 a\u00f1os) y 12 aulas de Educaci\u00f3n Primaria (de 6 a 12 a\u00f1os). Un \u00fanico edificio donde compartimos espacios. Educaci\u00f3n Infantil se sit\u00faa en la planta baja, con f\u00e1cil acceso al patio, comedores y gimnasio. Comprometidos con la igualdad de g\u00e9nero, la coeducaci\u00f3n y el respeto mutuo. Todo ello basado en la inclusi\u00f3n e igualdad de oportunidades. Conscientes de la nueva era digital y con el fin de dar respuesta a los intereses de nuestro alumnado estamos en constante formaci\u00f3n.<\/p>\n<p>La innovaci\u00f3n educativa, la integraci\u00f3n<strong> de las Tecnolog\u00edas de la Informaci\u00f3n y Comunicaci\u00f3n<\/strong>, la promoci\u00f3n de su uso seguro y responsable y <strong>las nuevas tendencias METODOL\u00d3GICAS<\/strong>\u00a0impregnan el proceso de ense\u00f1anza y aprendizaje de nuestro alumnado mediante proyectos, planes, experiencias, programas y otras actividades que inciden en la CALIDAD EDUCATIVA.<\/p>\n<p><strong><u>Instalaciones, Ense\u00f1anzas, Servicios, Planes-Proyectos<\/u><\/strong> Nuestro centro se caracteriza por amplios espacios. Las aulas son amplias y luminosas. Somos <strong>Centro Digital Colaborativo <\/strong>(CDC), hecho que permite a nuestro alumnado interactuar con las<strong> herramientas colaborativas Office 365. <\/strong>\u00a0La utilizaci\u00f3n de los dispositivos digitales, ordenadores, tablets y paneles interactivos, tanto en las aulas como en el <strong>aula de inform\u00e1tica, <\/strong>permite al alumnado aprender, a la vez que se divierten y mejoran su atenci\u00f3n, motivaci\u00f3n y rendimiento.<\/p>\n<p>El <strong>gimnasio<\/strong> es una de las instalaciones que m\u00e1s se utiliza debido a sus buenas condiciones, amplitud y dotaci\u00f3n de material. Se transforma en <strong>sal\u00f3n de actos<\/strong> en actos y eventos de graduaci\u00f3n, o en el Festival de Navidad. Disponemos de un <strong>aula polivalente<\/strong> donde se desarrollan sesiones de psicomotricidad y de estimulaci\u00f3n del Lenguaje Oral.\u00a0 Actualmente, se est\u00e1n acondicionando espacios en el centro para darles un uso m\u00e1s polivalente, creando rincones de aprendizaje fuera de las aulas<strong>.<\/strong> Amplios <strong>espacios al aire libre<\/strong> fomentan el juego y el desarrollo psicomotor del alumnado. En nuestro centro se potencia al m\u00e1ximo esta faceta tan importante del desarrollo personal. Contamos con 7 <strong>pistas<\/strong> multiusos recientemente acondicionadas. En el patio disponemos de dos <strong>zonas infantiles<\/strong> para los m\u00e1s peque\u00f1os. As\u00ed mismo, contamos con un patio diferenciado para el alumnado de 2 a\u00f1os. Tambi\u00e9n gozamos de <strong>zonas de sombra<\/strong> y un porche que nos resguarda de los d\u00edas de lluvia, viento y excesivo calor. El <strong>huerto<\/strong> es un espacio de observaci\u00f3n e interacci\u00f3n con la naturaleza en estado puro.<\/p>\n<p>Contamos en nuestras instalaciones con dos <strong>aulas de 2 a\u00f1os<\/strong> adaptadas a las necesidades del alumnado de esta edad. Las aulas est\u00e1n atendidas en todo momento por dos maestras y, una educadora, y tiene una ratio m\u00e1xima por aula de 18 ni\u00f1os y ni\u00f1as.\u00a0<\/p>\n<p>En la etapa de Educaci\u00f3n <strong>Infantil, en las aulas de 2 a\u00f1os, <\/strong>se implementa la ense\u00f1anza desde las necesidades e intereses del alumnado, desde el respeto a la individualidad y a su proceso de desarrollo, atendiendo sus necesidades b\u00e1sicas de higiene, descanso, alimentaci\u00f3n, juego\u2026, d\u00e1ndoles el tiempo que cada menor necesita para desarrollar sus capacidades. Se abordan proyectos desde lo m\u00e1s cercano de sus vivencias. <strong>\u00a0De 3 a 6 a\u00f1os <\/strong>el aprendizaje se desarrolla por proyectos, \u00e1mbitos y propuestas. \u00c9stos se planifican y plantean a partir de los intereses y de las necesidades del alumnado, lo que permite que se conviertan en protagonistas de su propio aprendizaje.<\/p>\n<p>\u00a0La etapa de <strong>educaci\u00f3n primaria<\/strong> persigue<strong>\u00a0<\/strong>proporcionar a todos los ni\u00f1os y las ni\u00f1as una educaci\u00f3n de calidad, en condiciones de equidad y con garant\u00eda de igualdad de oportunidades. La ense\u00f1anza en esta etapa combina la utilizaci\u00f3n del libro de texto, apoyado en las nuevas tecnolog\u00edas y enriquecido por todos los planes, proyectos y programas que se implementan en el centro.<\/p>\n<p>Durante el recorrido educativo, el centro ha ido evolucionando y cambiando su oferta creciendo y enriqueci\u00e9ndola, acorde a los cambios sociales, desde un punto de vista integrador de la ense\u00f1anza, con el objetivo de generar personas altamente competentes, comprometidas con su entorno, solidarias, con pensamiento cr\u00edtico y objetivo. Todos los valores de centro se han recogido en los\u00a0 planes y programas que desarrollamos de forma transversal en todas las \u00e1reas: <strong>Uso seguro y responsable<\/strong> <strong>de las TICS, Patios inclusivos, interactivos y bibliopatio, Plan de igualdad y convivencia, Asamblea de delegados de aula, Plan de actividades f\u00edsicas y deportivas, Almuerzo saludable y Proyecto deportivo, Actuaciones que fomentan la sostenibilidad medioambiental y el cuidado del planeta, somos miembros de la Red de Ecoescuelas, y participamos del Proyecto Erasmus +K101, un proyecto Europeo que trabaja, entre los objetivos m\u00e1s destacables,\u00a0 la internacionalizaci\u00f3n de los centros y la mejora de la competencia ling\u00fc\u00edstica en lengua inglesa, del alumnado y profesorado.<\/strong><\/p>\n<p>La <strong>participaci\u00f3n de las familias<\/strong> se reparte entre la actividad lectiva en momentos puntuales como talleres, tertulias dial\u00f3gicas, y en otras actividades como los desfiles de carnaval, la fiesta fin de curso, la jornada de convivencia&#8230; Las instalaciones son solicitadas por otras entidades de la localidad.<\/p>\n<p><strong>Servicios: Orientaci\u00f3n Educativa, <\/strong>promueve\u00a0 acciones que den respuesta desde una perspectiva inclusiva y coeducativa al alumnado con Necesidades Espec\u00edficas de Apoyo Educativo, coordina propuestas de intervenci\u00f3n generalizada a la totalidad del alumnado en aras de la prevenci\u00f3n de las dificultades de aprendizaje y de la detecci\u00f3n temprana, se desarrollan programas de estimulaci\u00f3n del lenguaje oral en educaci\u00f3n infantil y primer ciclo de educaci\u00f3n primaria, orientaci\u00f3n sobre programas de prevenci\u00f3n de las dificultades en la lectura, en la escritura y en el c\u00e1lculo, resoluci\u00f3n dial\u00f3gica de los conflictos\u2026 <strong>\u00a0<\/strong>as\u00ed como asesoramiento y orientaci\u00f3n tanto al alumnado como a las familias. <strong>Comedor, <\/strong>gestionado por un responsable-coordinador del centro. Cocina propia. Cada d\u00eda se sirven unos 350 men\u00fas, elaborados \u00edntegramente en nuestra cocina, de forma tradicional, con ingredientes frescos y de primera calidad. En definitiva, comida \u201ccasera\u201d 100%. Diariamente se da respuesta a las caracter\u00edsticas individuales de los comensales siguiendo un minucioso protocolo para cada caso (alergias, intolerancias, prescripciones m\u00e9dicas como dietas blandas u otras). Educaci\u00f3n Infantil come en sus aulas de referencia.<\/p>\n<p>Se diferencian cinco momentos: higiene de manos, comida en el comedor, higiene bucal, tiempo de descanso\/relax y tiempo dedicado a las actividades l\u00fadicas y de ocio, en el que se realizan diferentes <strong>talleres y actividades<\/strong> como cuenta cuentos, juegos tradicionales, manualidades, visualizaci\u00f3n de pelis en versi\u00f3n original, entre otros. Todas estas actividades est\u00e1n combinadas con momentos de juego libre. <strong>Aula de madrugadores, <\/strong>atendiendo a las necesidades de conciliaci\u00f3n familiar, se ofrece este servicio, desde el centro, a trav\u00e9s del AMPA. Es un espacio y tiempo destinado a acoger y acompa\u00f1ar al alumnado que desde las 7:45 h de la ma\u00f1ana necesita hacer uso de este servicio.\u00a0 Alumnado de 2 a 12 a\u00f1os.<\/p>\n<p><strong>Campus de verano, Escuela de Pascua y Escuela de Navidad<\/strong>. Ofertada a trav\u00e9s del Ampa. Se basa en actividades deportivas, l\u00fadicas, secuenciadas y programadas acorde a la edad y \u00e9poca del a\u00f1o. Se oferta desde los 3 a\u00f1os. Nuestra comunidad educativa goza de un buen clima de convivencia, donde la coordinaci\u00f3n y la colaboraci\u00f3n de las familias, junto con el AMPA son esenciales para afrontar la tarea educativa. Nos regimos por la normativa vigente, acorde a las instrucciones del organismo competente, a trav\u00e9s de sus \u00f3rganos colegiados: Claustro, Consejo Escolar.<\/p>\n<p><strong><u>AMPA: Participa activamente en la vida y organizaci\u00f3n de actividades<\/u><\/strong><\/p>\n<p>Desde el Ampa se realizan diferentes actividades durante el curso escolar: Agenda escolar, fiesta de bienvenida deportiva al comienzo de curso, chocolatada previa a la navidad para el alumnado, colaboramos junto con el centro el d\u00eda del festival de navidad, merienda el d\u00eda de la celebraci\u00f3n del carnaval, fiesta de fin de curso, semana cultural, pagina web, jornadas deportivas, Orlas de graduaci\u00f3n, as\u00ed como otras que surgen y es necesario nuestro apoyo y colaboraci\u00f3n. Actividades extraescolares: Se ofertan en horario de 17:00 a 18:00, tanto actividades deportivas (futbol, balonmano, baloncesto, ajedrez, multideporte, k\u00e1rate\u2026.) \u00a0no deportivas: baile, pintura, cocina, yoga, teatro\u2026 todas las extraescolares est\u00e1n sujetas a la demanda del alumnado .<\/p>\n<p>Servicio Aula matinal (7:45 \u2013 9:00h): Ofrecemos el servicio para todo el\u00a0 alumnado que lo necesite<\/p>\n<p>Correo electr\u00f3nico:\u00a0\u00a0\u00a0 <a href=\"mailto:ampasantonegro@gmail.com\">ampasantonegro@gmail.com<\/a><\/p>\n<p><\/p>\n<p><\/p>\n<figure class=\"wp-block-gallery columns-3 is-cropped wp-block-gallery-3 is-layout-flex wp-block-gallery-is-layout-flex\">\n<ul class=\"blocks-gallery-grid\">\n<li class=\"blocks-gallery-item\">\n<figure><img fetchpriority=\"high\" decoding=\"async\" width=\"1024\" height=\"682\" class=\"wp-image-29\" src=\"http:\/\/apaselda.es\/wp-content\/uploads\/2020\/05\/MG_6613-1024x682.jpg\" alt=\"\" data-id=\"29\" data-full-url=\"http:\/\/apaselda.es\/wp-content\/uploads\/2020\/05\/MG_6613.jpg\" data-link=\"http:\/\/apaselda.es\/?attachment_id=29\" srcset=\"https:\/\/apaselda.es\/wp-content\/uploads\/2020\/05\/MG_6613-1024x682.jpg 1024w, https:\/\/apaselda.es\/wp-content\/uploads\/2020\/05\/MG_6613-300x200.jpg 300w, https:\/\/apaselda.es\/wp-content\/uploads\/2020\/05\/MG_6613-768x512.jpg 768w, https:\/\/apaselda.es\/wp-content\/uploads\/2020\/05\/MG_6613-1536x1024.jpg 1536w, https:\/\/apaselda.es\/wp-content\/uploads\/2020\/05\/MG_6613.jpg 2000w\" sizes=\"(max-width: 767px) 89vw, (max-width: 1000px) 54vw, (max-width: 1071px) 543px, 580px\" \/><\/figure>\n<\/li>\n<li class=\"blocks-gallery-item\">\n<figure><img decoding=\"async\" width=\"1024\" height=\"682\" class=\"wp-image-30\" src=\"http:\/\/apaselda.es\/wp-content\/uploads\/2020\/05\/MG_6750-1024x682.jpg\" alt=\"\" data-id=\"30\" data-full-url=\"http:\/\/apaselda.es\/wp-content\/uploads\/2020\/05\/MG_6750.jpg\" data-link=\"http:\/\/apaselda.es\/?attachment_id=30\" srcset=\"https:\/\/apaselda.es\/wp-content\/uploads\/2020\/05\/MG_6750-1024x682.jpg 1024w, https:\/\/apaselda.es\/wp-content\/uploads\/2020\/05\/MG_6750-300x200.jpg 300w, https:\/\/apaselda.es\/wp-content\/uploads\/2020\/05\/MG_6750-768x512.jpg 768w, https:\/\/apaselda.es\/wp-content\/uploads\/2020\/05\/MG_6750-1536x1024.jpg 1536w, https:\/\/apaselda.es\/wp-content\/uploads\/2020\/05\/MG_6750.jpg 2000w\" sizes=\"(max-width: 767px) 89vw, (max-width: 1000px) 54vw, (max-width: 1071px) 543px, 580px\" \/><\/figure>\n<\/li>\n<li class=\"blocks-gallery-item\">\n<figure><img decoding=\"async\" width=\"1024\" height=\"682\" class=\"wp-image-31\" src=\"http:\/\/apaselda.es\/wp-content\/uploads\/2020\/05\/MG_6809-1024x682.jpg\" alt=\"\" data-id=\"31\" data-full-url=\"http:\/\/apaselda.es\/wp-content\/uploads\/2020\/05\/MG_6809.jpg\" data-link=\"http:\/\/apaselda.es\/?attachment_id=31\" srcset=\"https:\/\/apaselda.es\/wp-content\/uploads\/2020\/05\/MG_6809-1024x682.jpg 1024w, https:\/\/apaselda.es\/wp-content\/uploads\/2020\/05\/MG_6809-300x200.jpg 300w, https:\/\/apaselda.es\/wp-content\/uploads\/2020\/05\/MG_6809-768x512.jpg 768w, https:\/\/apaselda.es\/wp-content\/uploads\/2020\/05\/MG_6809-1536x1024.jpg 1536w, https:\/\/apaselda.es\/wp-content\/uploads\/2020\/05\/MG_6809.jpg 2000w\" sizes=\"(max-width: 767px) 89vw, (max-width: 1000px) 54vw, (max-width: 1071px) 543px, 580px\" \/><\/figure>\n<\/li>\n<li class=\"blocks-gallery-item\">\n<figure><img loading=\"lazy\" decoding=\"async\" width=\"1024\" height=\"682\" class=\"wp-image-32\" src=\"http:\/\/apaselda.es\/wp-content\/uploads\/2020\/05\/MG_7084-1024x682.jpg\" alt=\"\" data-id=\"32\" data-full-url=\"http:\/\/apaselda.es\/wp-content\/uploads\/2020\/05\/MG_7084.jpg\" data-link=\"http:\/\/apaselda.es\/?attachment_id=32\" srcset=\"https:\/\/apaselda.es\/wp-content\/uploads\/2020\/05\/MG_7084-1024x682.jpg 1024w, https:\/\/apaselda.es\/wp-content\/uploads\/2020\/05\/MG_7084-300x200.jpg 300w, https:\/\/apaselda.es\/wp-content\/uploads\/2020\/05\/MG_7084-768x512.jpg 768w, https:\/\/apaselda.es\/wp-content\/uploads\/2020\/05\/MG_7084-1536x1024.jpg 1536w, https:\/\/apaselda.es\/wp-content\/uploads\/2020\/05\/MG_7084.jpg 2000w\" sizes=\"(max-width: 767px) 89vw, (max-width: 1000px) 54vw, (max-width: 1071px) 543px, 580px\" \/><\/figure>\n<\/li>\n<li class=\"blocks-gallery-item\">\n<figure><img loading=\"lazy\" decoding=\"async\" width=\"1024\" height=\"682\" class=\"wp-image-33\" src=\"http:\/\/apaselda.es\/wp-content\/uploads\/2020\/05\/MG_7088-1024x682.jpg\" alt=\"\" data-id=\"33\" data-full-url=\"http:\/\/apaselda.es\/wp-content\/uploads\/2020\/05\/MG_7088.jpg\" data-link=\"http:\/\/apaselda.es\/?attachment_id=33\" srcset=\"https:\/\/apaselda.es\/wp-content\/uploads\/2020\/05\/MG_7088-1024x682.jpg 1024w, https:\/\/apaselda.es\/wp-content\/uploads\/2020\/05\/MG_7088-300x200.jpg 300w, https:\/\/apaselda.es\/wp-content\/uploads\/2020\/05\/MG_7088-768x512.jpg 768w, https:\/\/apaselda.es\/wp-content\/uploads\/2020\/05\/MG_7088-1536x1024.jpg 1536w, https:\/\/apaselda.es\/wp-content\/uploads\/2020\/05\/MG_7088.jpg 2000w\" sizes=\"(max-width: 767px) 89vw, (max-width: 1000px) 54vw, (max-width: 1071px) 543px, 580px\" \/><\/figure>\n<\/li>\n<li class=\"blocks-gallery-item\">\n<figure><img loading=\"lazy\" decoding=\"async\" width=\"1024\" height=\"769\" class=\"wp-image-34\" src=\"http:\/\/apaselda.es\/wp-content\/uploads\/2020\/05\/54-1024x769.jpg\" alt=\"\" data-id=\"34\" data-full-url=\"http:\/\/apaselda.es\/wp-content\/uploads\/2020\/05\/54.jpg\" data-link=\"http:\/\/apaselda.es\/?attachment_id=34\" srcset=\"https:\/\/apaselda.es\/wp-content\/uploads\/2020\/05\/54-1024x769.jpg 1024w, https:\/\/apaselda.es\/wp-content\/uploads\/2020\/05\/54-300x225.jpg 300w, https:\/\/apaselda.es\/wp-content\/uploads\/2020\/05\/54-768x576.jpg 768w, https:\/\/apaselda.es\/wp-content\/uploads\/2020\/05\/54.jpg 1419w\" sizes=\"(max-width: 767px) 89vw, (max-width: 1000px) 54vw, (max-width: 1071px) 543px, 580px\" \/><\/figure>\n<\/li>\n<\/ul>\n<\/figure>\n<p><\/p>\n<p><\/p>\n<figure class=\"wp-block-image size-large\"><img loading=\"lazy\" decoding=\"async\" width=\"1024\" height=\"769\" class=\"wp-image-34\" src=\"http:\/\/apaselda.es\/wp-content\/uploads\/2020\/05\/54-1024x769.jpg\" alt=\"\" srcset=\"https:\/\/apaselda.es\/wp-content\/uploads\/2020\/05\/54-1024x769.jpg 1024w, https:\/\/apaselda.es\/wp-content\/uploads\/2020\/05\/54-300x225.jpg 300w, https:\/\/apaselda.es\/wp-content\/uploads\/2020\/05\/54-768x576.jpg 768w, https:\/\/apaselda.es\/wp-content\/uploads\/2020\/05\/54.jpg 1419w\" sizes=\"(max-width: 767px) 89vw, (max-width: 1000px) 54vw, (max-width: 1071px) 543px, 580px\" \/><\/figure>\n<p><\/p>\n<p><\/p>\n<div class=\"wp-block-group\"><div class=\"wp-block-group__inner-container\">\n<div class=\"wp-block-group__inner-container is-layout-flow wp-block-group-is-layout-flow\">\n<p><\/p>\n<figure class=\"wp-block-gallery columns-0 is-cropped wp-block-gallery-4 is-layout-flex wp-block-gallery-is-layout-flex\"><\/figure>\n<p><\/p>\n<\/div>\n<\/div><\/div>\n<p><\/p>\n<p><\/p>\n<p class=\"has-text-align-center\"><strong><u>\u00a0<\/u><\/strong><\/p>\n<p><\/p>\t\t\t\t\t\t\t\t<\/div>\n\t\t\t\t<\/div>\n\t\t\t\t\t<\/div>\n\t\t<\/div>\n\t\t\t\t\t<\/div>\n\t\t<\/section>\n\t\t\t\t<\/div>\n\t\t","protected":false},"excerpt":{"rendered":"<p>Nombre del centro educativo:\u00a0 SANTO NEGRO, Carretera Sax s\/n Centro de Educaci\u00f3n infantil y Educaci\u00f3n Primaria de dos l\u00edneas educativas, cuenta con 2 aulas de 2 a\u00f1os Tel\u00e9fono : 966957745 Pagina Web: www.santonegro.org correo electr\u00f3nico:\u00a0 03010247@edu.gva.es Horario de atenci\u00f3n Secretar\u00eda: Jueves de 9:00-9:30h Direcci\u00f3n: Mi\u00e9rcoles y Viernes \u00a0de 9:00-10:00, otros horarios solicitar cita a trav\u00e9s &hellip; <\/p>\n<p class=\"link-more\"><a href=\"https:\/\/apaselda.es\/?page_id=28\" class=\"more-link\">Continuar leyendo<span class=\"screen-reader-text\"> &#8220;CEIP SANTO NEGRO&#8221;<\/span><\/a><\/p>\n","protected":false},"author":1,"featured_media":0,"parent":0,"menu_order":0,"comment_status":"closed","ping_status":"closed","template":"","meta":{"footnotes":""},"class_list":["post-28","page","type-page","status-publish","hentry"],"_links":{"self":[{"href":"https:\/\/apaselda.es\/index.php?rest_route=\/wp\/v2\/pages\/28","targetHints":{"allow":["GET"]}}],"collection":[{"href":"https:\/\/apaselda.es\/index.php?rest_route=\/wp\/v2\/pages"}],"about":[{"href":"https:\/\/apaselda.es\/index.php?rest_route=\/wp\/v2\/types\/page"}],"author":[{"embeddable":true,"href":"https:\/\/apaselda.es\/index.php?rest_route=\/wp\/v2\/users\/1"}],"replies":[{"embeddable":true,"href":"https:\/\/apaselda.es\/index.php?rest_route=%2Fwp%2Fv2%2Fcomments&post=28"}],"version-history":[{"count":14,"href":"https:\/\/apaselda.es\/index.php?rest_route=\/wp\/v2\/pages\/28\/revisions"}],"predecessor-version":[{"id":3158,"href":"https:\/\/apaselda.es\/index.php?rest_route=\/wp\/v2\/pages\/28\/revisions\/3158"}],"wp:attachment":[{"href":"https:\/\/apaselda.es\/index.php?rest_route=%2Fwp%2Fv2%2Fmedia&parent=28"}],"curies":[{"name":"wp","href":"https:\/\/api.w.org\/{rel}","templated":true}]}}