{"id":2374,"date":"2022-05-05T14:27:10","date_gmt":"2022-05-05T14:27:10","guid":{"rendered":"https:\/\/apaselda.es\/?page_id=2374"},"modified":"2022-05-28T09:51:25","modified_gmt":"2022-05-28T09:51:25","slug":"inicio-2","status":"publish","type":"page","link":"https:\/\/apaselda.es\/?page_id=2374","title":{"rendered":"Inicio 2"},"content":{"rendered":"<div id=\"fb-root\"><\/div>\n\t\t<div data-elementor-type=\"wp-page\" data-elementor-id=\"2374\" class=\"elementor elementor-2374\">\n\t\t\t\t\t\t<section class=\"elementor-section elementor-top-section elementor-element elementor-element-1f162ef elementor-section-boxed elementor-section-height-default elementor-section-height-default\" data-id=\"1f162ef\" data-element_type=\"section\" data-e-type=\"section\">\n\t\t\t\t\t\t<div class=\"elementor-container elementor-column-gap-default\">\n\t\t\t\t\t<div class=\"elementor-column elementor-col-33 elementor-top-column elementor-element elementor-element-1e47d96\" data-id=\"1e47d96\" data-element_type=\"column\" data-e-type=\"column\">\n\t\t\t<div class=\"elementor-widget-wrap elementor-element-populated\">\n\t\t\t\t\t\t<div class=\"elementor-element elementor-element-0fcfb38 elementor-widget elementor-widget-image\" data-id=\"0fcfb38\" data-element_type=\"widget\" data-e-type=\"widget\" data-widget_type=\"image.default\">\n\t\t\t\t<div class=\"elementor-widget-container\">\n\t\t\t\t\t\t\t\t\t\t\t\t<figure class=\"wp-caption\">\n\t\t\t\t\t\t\t\t\t\t\t<a href=\"https:\/\/apaselda.es\/?page_id=2614\">\n\t\t\t\t\t\t\t<img fetchpriority=\"high\" decoding=\"async\" width=\"740\" height=\"447\" src=\"https:\/\/apaselda.es\/wp-content\/uploads\/2022\/05\/WhatsApp-Image-2022-05-26-at-9.54.20-PM.jpeg\" class=\"attachment-large size-large wp-image-2610\" alt=\"\" srcset=\"https:\/\/apaselda.es\/wp-content\/uploads\/2022\/05\/WhatsApp-Image-2022-05-26-at-9.54.20-PM.jpeg 745w, https:\/\/apaselda.es\/wp-content\/uploads\/2022\/05\/WhatsApp-Image-2022-05-26-at-9.54.20-PM-300x181.jpeg 300w\" sizes=\"100vw\" \/>\t\t\t\t\t\t\t\t<\/a>\n\t\t\t\t\t\t\t\t\t\t\t<figcaption class=\"widget-image-caption wp-caption-text\">ESCUELAS DE VERANO 2022<\/figcaption>\n\t\t\t\t\t\t\t\t\t\t<\/figure>\n\t\t\t\t\t\t\t\t\t<\/div>\n\t\t\t\t<\/div>\n\t\t\t\t\t<\/div>\n\t\t<\/div>\n\t\t\t\t<div class=\"elementor-column elementor-col-33 elementor-top-column elementor-element elementor-element-fc81edf\" data-id=\"fc81edf\" data-element_type=\"column\" data-e-type=\"column\">\n\t\t\t<div class=\"elementor-widget-wrap elementor-element-populated\">\n\t\t\t\t\t\t<div class=\"elementor-element elementor-element-498dd85 elementor-widget elementor-widget-image\" data-id=\"498dd85\" data-element_type=\"widget\" data-e-type=\"widget\" data-widget_type=\"image.default\">\n\t\t\t\t<div class=\"elementor-widget-container\">\n\t\t\t\t\t\t\t\t\t\t\t\t<figure class=\"wp-caption\">\n\t\t\t\t\t\t\t\t\t\t\t<a href=\"https:\/\/apaselda.es\/?page_id=2384\">\n\t\t\t\t\t\t\t<img decoding=\"async\" width=\"405\" height=\"413\" src=\"https:\/\/apaselda.es\/wp-content\/uploads\/2022\/05\/GUIA.png\" class=\"attachment-large size-large wp-image-2447\" alt=\"\" srcset=\"https:\/\/apaselda.es\/wp-content\/uploads\/2022\/05\/GUIA.png 405w, https:\/\/apaselda.es\/wp-content\/uploads\/2022\/05\/GUIA-294x300.png 294w\" sizes=\"100vw\" \/>\t\t\t\t\t\t\t\t<\/a>\n\t\t\t\t\t\t\t\t\t\t\t<figcaption class=\"widget-image-caption wp-caption-text\">Guia de Centros<\/figcaption>\n\t\t\t\t\t\t\t\t\t\t<\/figure>\n\t\t\t\t\t\t\t\t\t<\/div>\n\t\t\t\t<\/div>\n\t\t\t\t\t<\/div>\n\t\t<\/div>\n\t\t\t\t<div class=\"elementor-column elementor-col-33 elementor-top-column elementor-element elementor-element-c826ee5\" data-id=\"c826ee5\" data-element_type=\"column\" data-e-type=\"column\">\n\t\t\t<div class=\"elementor-widget-wrap elementor-element-populated\">\n\t\t\t\t\t\t<div class=\"elementor-element elementor-element-b7997a2 elementor-widget elementor-widget-image\" data-id=\"b7997a2\" data-element_type=\"widget\" data-e-type=\"widget\" data-widget_type=\"image.default\">\n\t\t\t\t<div class=\"elementor-widget-container\">\n\t\t\t\t\t\t\t\t\t\t\t\t<figure class=\"wp-caption\">\n\t\t\t\t\t\t\t\t\t\t\t<a href=\"https:\/\/apaselda.es\/?page_id=2412\">\n\t\t\t\t\t\t\t<img decoding=\"async\" width=\"740\" height=\"611\" src=\"https:\/\/apaselda.es\/wp-content\/uploads\/2022\/05\/AVISO-LEGAL-1024x845.webp\" class=\"attachment-large size-large wp-image-2541\" alt=\"\" srcset=\"https:\/\/apaselda.es\/wp-content\/uploads\/2022\/05\/AVISO-LEGAL-1024x845.webp 1024w, https:\/\/apaselda.es\/wp-content\/uploads\/2022\/05\/AVISO-LEGAL-300x248.webp 300w, https:\/\/apaselda.es\/wp-content\/uploads\/2022\/05\/AVISO-LEGAL-768x634.webp 768w, https:\/\/apaselda.es\/wp-content\/uploads\/2022\/05\/AVISO-LEGAL-1536x1267.webp 1536w, https:\/\/apaselda.es\/wp-content\/uploads\/2022\/05\/AVISO-LEGAL.webp 2000w\" sizes=\"100vw\" \/>\t\t\t\t\t\t\t\t<\/a>\n\t\t\t\t\t\t\t\t\t\t\t<figcaption class=\"widget-image-caption wp-caption-text\">Informaci\u00f3n legal<\/figcaption>\n\t\t\t\t\t\t\t\t\t\t<\/figure>\n\t\t\t\t\t\t\t\t\t<\/div>\n\t\t\t\t<\/div>\n\t\t\t\t\t<\/div>\n\t\t<\/div>\n\t\t\t\t\t<\/div>\n\t\t<\/section>\n\t\t\t\t<section class=\"elementor-section elementor-top-section elementor-element elementor-element-2c2e210 elementor-section-boxed elementor-section-height-default elementor-section-height-default\" data-id=\"2c2e210\" data-element_type=\"section\" data-e-type=\"section\">\n\t\t\t\t\t\t<div class=\"elementor-container elementor-column-gap-default\">\n\t\t\t\t\t<div class=\"elementor-column elementor-col-33 elementor-top-column elementor-element elementor-element-440fbc1\" data-id=\"440fbc1\" data-element_type=\"column\" data-e-type=\"column\">\n\t\t\t<div class=\"elementor-widget-wrap elementor-element-populated\">\n\t\t\t\t\t\t<div class=\"elementor-element elementor-element-3ed3080 elementor-widget elementor-widget-image\" data-id=\"3ed3080\" data-element_type=\"widget\" data-e-type=\"widget\" data-widget_type=\"image.default\">\n\t\t\t\t<div class=\"elementor-widget-container\">\n\t\t\t\t\t\t\t\t\t\t\t\t<figure class=\"wp-caption\">\n\t\t\t\t\t\t\t\t\t\t\t<a href=\"https:\/\/apaselda.es\/?page_id=2401\">\n\t\t\t\t\t\t\t<img loading=\"lazy\" decoding=\"async\" width=\"634\" height=\"417\" src=\"https:\/\/apaselda.es\/wp-content\/uploads\/2022\/05\/Sin-titulo.png\" class=\"attachment-large size-large wp-image-2520\" alt=\"\" srcset=\"https:\/\/apaselda.es\/wp-content\/uploads\/2022\/05\/Sin-titulo.png 634w, https:\/\/apaselda.es\/wp-content\/uploads\/2022\/05\/Sin-titulo-300x197.png 300w\" sizes=\"100vw\" \/>\t\t\t\t\t\t\t\t<\/a>\n\t\t\t\t\t\t\t\t\t\t\t<figcaption class=\"widget-image-caption wp-caption-text\">FORMACI\u00d3N<\/figcaption>\n\t\t\t\t\t\t\t\t\t\t<\/figure>\n\t\t\t\t\t\t\t\t\t<\/div>\n\t\t\t\t<\/div>\n\t\t\t\t\t<\/div>\n\t\t<\/div>\n\t\t\t\t<div class=\"elementor-column elementor-col-33 elementor-top-column elementor-element elementor-element-3a8af8a\" data-id=\"3a8af8a\" data-element_type=\"column\" data-e-type=\"column\">\n\t\t\t<div class=\"elementor-widget-wrap elementor-element-populated\">\n\t\t\t\t\t\t<div class=\"elementor-element elementor-element-c10b036 elementor-widget elementor-widget-image\" data-id=\"c10b036\" data-element_type=\"widget\" data-e-type=\"widget\" data-widget_type=\"image.default\">\n\t\t\t\t<div class=\"elementor-widget-container\">\n\t\t\t\t\t\t\t\t\t\t\t\t<figure class=\"wp-caption\">\n\t\t\t\t\t\t\t\t\t\t\t<a href=\"https:\/\/apaselda.es\/?page_id=2394\">\n\t\t\t\t\t\t\t<img loading=\"lazy\" decoding=\"async\" width=\"740\" height=\"496\" src=\"https:\/\/apaselda.es\/wp-content\/uploads\/2022\/05\/MATRICULACION.jpg\" class=\"attachment-large size-large wp-image-2482\" alt=\"\" srcset=\"https:\/\/apaselda.es\/wp-content\/uploads\/2022\/05\/MATRICULACION.jpg 800w, https:\/\/apaselda.es\/wp-content\/uploads\/2022\/05\/MATRICULACION-300x201.jpg 300w, https:\/\/apaselda.es\/wp-content\/uploads\/2022\/05\/MATRICULACION-768x515.jpg 768w\" sizes=\"100vw\" \/>\t\t\t\t\t\t\t\t<\/a>\n\t\t\t\t\t\t\t\t\t\t\t<figcaption class=\"widget-image-caption wp-caption-text\">Matricualci\u00f3n<\/figcaption>\n\t\t\t\t\t\t\t\t\t\t<\/figure>\n\t\t\t\t\t\t\t\t\t<\/div>\n\t\t\t\t<\/div>\n\t\t\t\t\t<\/div>\n\t\t<\/div>\n\t\t\t\t<div class=\"elementor-column elementor-col-33 elementor-top-column elementor-element elementor-element-21e4b6b\" data-id=\"21e4b6b\" data-element_type=\"column\" data-e-type=\"column\">\n\t\t\t<div class=\"elementor-widget-wrap elementor-element-populated\">\n\t\t\t\t\t\t<div class=\"elementor-element elementor-element-73f6c3e elementor-widget elementor-widget-image\" data-id=\"73f6c3e\" data-element_type=\"widget\" data-e-type=\"widget\" data-widget_type=\"image.default\">\n\t\t\t\t<div class=\"elementor-widget-container\">\n\t\t\t\t\t\t\t\t\t\t\t\t<figure class=\"wp-caption\">\n\t\t\t\t\t\t\t\t\t\t\t<a href=\"https:\/\/apaselda.es\/?page_id=932\">\n\t\t\t\t\t\t\t<img loading=\"lazy\" decoding=\"async\" width=\"348\" height=\"228\" src=\"https:\/\/apaselda.es\/wp-content\/uploads\/2022\/05\/CARNET.jpeg\" class=\"attachment-large size-large wp-image-2539\" alt=\"\" srcset=\"https:\/\/apaselda.es\/wp-content\/uploads\/2022\/05\/CARNET.jpeg 348w, https:\/\/apaselda.es\/wp-content\/uploads\/2022\/05\/CARNET-300x197.jpeg 300w\" sizes=\"100vw\" \/>\t\t\t\t\t\t\t\t<\/a>\n\t\t\t\t\t\t\t\t\t\t\t<figcaption class=\"widget-image-caption wp-caption-text\">Carnet Socio Ampa<\/figcaption>\n\t\t\t\t\t\t\t\t\t\t<\/figure>\n\t\t\t\t\t\t\t\t\t<\/div>\n\t\t\t\t<\/div>\n\t\t\t\t\t<\/div>\n\t\t<\/div>\n\t\t\t\t\t<\/div>\n\t\t<\/section>\n\t\t\t\t<section class=\"elementor-section elementor-top-section elementor-element elementor-element-8928825 elementor-section-boxed elementor-section-height-default elementor-section-height-default\" data-id=\"8928825\" data-element_type=\"section\" data-e-type=\"section\">\n\t\t\t\t\t\t<div class=\"elementor-container elementor-column-gap-default\">\n\t\t\t\t\t<div class=\"elementor-column elementor-col-33 elementor-top-column elementor-element elementor-element-dcb9924\" data-id=\"dcb9924\" data-element_type=\"column\" data-e-type=\"column\">\n\t\t\t<div class=\"elementor-widget-wrap elementor-element-populated\">\n\t\t\t\t\t\t<div class=\"elementor-element elementor-element-b6b05ed elementor-widget elementor-widget-image\" data-id=\"b6b05ed\" data-element_type=\"widget\" data-e-type=\"widget\" data-widget_type=\"image.default\">\n\t\t\t\t<div class=\"elementor-widget-container\">\n\t\t\t\t\t\t\t\t\t\t\t\t<figure class=\"wp-caption\">\n\t\t\t\t\t\t\t\t\t\t\t<a href=\"https:\/\/apaselda.es\/?page_id=2564\">\n\t\t\t\t\t\t\t<img loading=\"lazy\" decoding=\"async\" width=\"277\" height=\"182\" src=\"https:\/\/apaselda.es\/wp-content\/uploads\/2022\/05\/actividades.jpeg\" class=\"attachment-large size-large wp-image-2560\" alt=\"\" sizes=\"100vw\" \/>\t\t\t\t\t\t\t\t<\/a>\n\t\t\t\t\t\t\t\t\t\t\t<figcaption class=\"widget-image-caption wp-caption-text\">Actividades<\/figcaption>\n\t\t\t\t\t\t\t\t\t\t<\/figure>\n\t\t\t\t\t\t\t\t\t<\/div>\n\t\t\t\t<\/div>\n\t\t\t\t\t<\/div>\n\t\t<\/div>\n\t\t\t\t<div class=\"elementor-column elementor-col-33 elementor-top-column elementor-element elementor-element-a536e7e\" data-id=\"a536e7e\" data-element_type=\"column\" data-e-type=\"column\">\n\t\t\t<div class=\"elementor-widget-wrap elementor-element-populated\">\n\t\t\t\t\t\t<div class=\"elementor-element elementor-element-161229c elementor-widget elementor-widget-image\" data-id=\"161229c\" data-element_type=\"widget\" data-e-type=\"widget\" data-widget_type=\"image.default\">\n\t\t\t\t<div class=\"elementor-widget-container\">\n\t\t\t\t\t\t\t\t\t\t\t\t<figure class=\"wp-caption\">\n\t\t\t\t\t\t\t\t\t\t\t<a href=\"https:\/\/apaselda.es\/?page_id=840\">\n\t\t\t\t\t\t\t<img loading=\"lazy\" decoding=\"async\" width=\"740\" height=\"493\" src=\"https:\/\/apaselda.es\/wp-content\/uploads\/2022\/05\/ilustracion-concepto-mensajero_114360-860-1024x682.webp\" class=\"attachment-large size-large wp-image-2559\" alt=\"\" srcset=\"https:\/\/apaselda.es\/wp-content\/uploads\/2022\/05\/ilustracion-concepto-mensajero_114360-860-1024x682.webp 1024w, https:\/\/apaselda.es\/wp-content\/uploads\/2022\/05\/ilustracion-concepto-mensajero_114360-860-300x200.webp 300w, https:\/\/apaselda.es\/wp-content\/uploads\/2022\/05\/ilustracion-concepto-mensajero_114360-860-768x512.webp 768w, https:\/\/apaselda.es\/wp-content\/uploads\/2022\/05\/ilustracion-concepto-mensajero_114360-860-1536x1024.webp 1536w, https:\/\/apaselda.es\/wp-content\/uploads\/2022\/05\/ilustracion-concepto-mensajero_114360-860.webp 2000w\" sizes=\"100vw\" \/>\t\t\t\t\t\t\t\t<\/a>\n\t\t\t\t\t\t\t\t\t\t\t<figcaption class=\"widget-image-caption wp-caption-text\">Contacto<\/figcaption>\n\t\t\t\t\t\t\t\t\t\t<\/figure>\n\t\t\t\t\t\t\t\t\t<\/div>\n\t\t\t\t<\/div>\n\t\t\t\t\t<\/div>\n\t\t<\/div>\n\t\t\t\t<div class=\"elementor-column elementor-col-33 elementor-top-column elementor-element elementor-element-de22f14\" data-id=\"de22f14\" data-element_type=\"column\" data-e-type=\"column\">\n\t\t\t<div class=\"elementor-widget-wrap elementor-element-populated\">\n\t\t\t\t\t\t<div class=\"elementor-element elementor-element-bb6f4e9 elementor-widget elementor-widget-image\" data-id=\"bb6f4e9\" data-element_type=\"widget\" data-e-type=\"widget\" data-widget_type=\"image.default\">\n\t\t\t\t<div class=\"elementor-widget-container\">\n\t\t\t\t\t\t\t\t\t\t\t\t<figure class=\"wp-caption\">\n\t\t\t\t\t\t\t\t\t\t\t<a href=\"https:\/\/apaselda.es\/?page_id=2551\">\n\t\t\t\t\t\t\t<img loading=\"lazy\" decoding=\"async\" width=\"378\" height=\"260\" src=\"https:\/\/apaselda.es\/wp-content\/uploads\/2022\/05\/QUIENES-SOMOS.png\" class=\"attachment-large size-large wp-image-2446\" alt=\"\" srcset=\"https:\/\/apaselda.es\/wp-content\/uploads\/2022\/05\/QUIENES-SOMOS.png 378w, https:\/\/apaselda.es\/wp-content\/uploads\/2022\/05\/QUIENES-SOMOS-300x206.png 300w\" sizes=\"100vw\" \/>\t\t\t\t\t\t\t\t<\/a>\n\t\t\t\t\t\t\t\t\t\t\t<figcaption class=\"widget-image-caption wp-caption-text\">\u00bf Quienes somos ? <\/figcaption>\n\t\t\t\t\t\t\t\t\t\t<\/figure>\n\t\t\t\t\t\t\t\t\t<\/div>\n\t\t\t\t<\/div>\n\t\t\t\t\t<\/div>\n\t\t<\/div>\n\t\t\t\t\t<\/div>\n\t\t<\/section>\n\t\t\t\t<section class=\"elementor-section elementor-top-section elementor-element elementor-element-f6ec175 elementor-section-boxed elementor-section-height-default elementor-section-height-default\" data-id=\"f6ec175\" data-element_type=\"section\" data-e-type=\"section\">\n\t\t\t\t\t\t<div class=\"elementor-container elementor-column-gap-default\">\n\t\t\t\t\t<div class=\"elementor-column elementor-col-100 elementor-top-column elementor-element elementor-element-059ec84\" data-id=\"059ec84\" data-element_type=\"column\" data-e-type=\"column\">\n\t\t\t<div class=\"elementor-widget-wrap elementor-element-populated\">\n\t\t\t\t\t\t<div class=\"elementor-element elementor-element-d5400c1 elementor-widget elementor-widget-button\" data-id=\"d5400c1\" data-element_type=\"widget\" data-e-type=\"widget\" data-widget_type=\"button.default\">\n\t\t\t\t<div class=\"elementor-widget-container\">\n\t\t\t\t\t\t\t\t\t<div class=\"elementor-button-wrapper\">\n\t\t\t\t\t<a class=\"elementor-button elementor-button-link elementor-size-sm\" href=\"https:\/\/apaselda.es\/?page_id=2374\">\n\t\t\t\t\t\t<span class=\"elementor-button-content-wrapper\">\n\t\t\t\t\t\t\t\t\t<span class=\"elementor-button-text\">Inicio<\/span>\n\t\t\t\t\t<\/span>\n\t\t\t\t\t<\/a>\n\t\t\t\t<\/div>\n\t\t\t\t\t\t\t\t<\/div>\n\t\t\t\t<\/div>\n\t\t\t\t\t<\/div>\n\t\t<\/div>\n\t\t\t\t\t<\/div>\n\t\t<\/section>\n\t\t\t\t<\/div>\n\t\t","protected":false},"excerpt":{"rendered":"<p>ESCUELAS DE VERANO 2022 Guia de Centros Informaci\u00f3n legal FORMACI\u00d3N Matricualci\u00f3n Carnet Socio Ampa Actividades Contacto \u00bf Quienes somos ? Inicio<\/p>\n","protected":false},"author":1,"featured_media":0,"parent":0,"menu_order":0,"comment_status":"closed","ping_status":"closed","template":"","meta":{"footnotes":""},"class_list":["post-2374","page","type-page","status-publish","hentry"],"_links":{"self":[{"href":"https:\/\/apaselda.es\/index.php?rest_route=\/wp\/v2\/pages\/2374","targetHints":{"allow":["GET"]}}],"collection":[{"href":"https:\/\/apaselda.es\/index.php?rest_route=\/wp\/v2\/pages"}],"about":[{"href":"https:\/\/apaselda.es\/index.php?rest_route=\/wp\/v2\/types\/page"}],"author":[{"embeddable":true,"href":"https:\/\/apaselda.es\/index.php?rest_route=\/wp\/v2\/users\/1"}],"replies":[{"embeddable":true,"href":"https:\/\/apaselda.es\/index.php?rest_route=%2Fwp%2Fv2%2Fcomments&post=2374"}],"version-history":[{"count":51,"href":"https:\/\/apaselda.es\/index.php?rest_route=\/wp\/v2\/pages\/2374\/revisions"}],"predecessor-version":[{"id":2627,"href":"https:\/\/apaselda.es\/index.php?rest_route=\/wp\/v2\/pages\/2374\/revisions\/2627"}],"wp:attachment":[{"href":"https:\/\/apaselda.es\/index.php?rest_route=%2Fwp%2Fv2%2Fmedia&parent=2374"}],"curies":[{"name":"wp","href":"https:\/\/api.w.org\/{rel}","templated":true}]}}