{"id":196,"date":"2020-05-11T20:28:55","date_gmt":"2020-05-11T20:28:55","guid":{"rendered":"http:\/\/apaselda.es\/?page_id=196"},"modified":"2023-03-23T20:19:28","modified_gmt":"2023-03-23T20:19:28","slug":"ei-nueva-almafra","status":"publish","type":"page","link":"https:\/\/apaselda.es\/?page_id=196","title":{"rendered":"EI NUEVA ALMAFRA"},"content":{"rendered":"<div id=\"fb-root\"><\/div>\n\t\t<div data-elementor-type=\"wp-page\" data-elementor-id=\"196\" class=\"elementor elementor-196\">\n\t\t\t\t\t\t<section class=\"elementor-section elementor-top-section elementor-element elementor-element-19b11b3d elementor-section-boxed elementor-section-height-default elementor-section-height-default\" data-id=\"19b11b3d\" data-element_type=\"section\" data-e-type=\"section\">\n\t\t\t\t\t\t<div class=\"elementor-container elementor-column-gap-default\">\n\t\t\t\t\t<div class=\"elementor-column elementor-col-100 elementor-top-column elementor-element elementor-element-60a7119b\" data-id=\"60a7119b\" data-element_type=\"column\" data-e-type=\"column\">\n\t\t\t<div class=\"elementor-widget-wrap elementor-element-populated\">\n\t\t\t\t\t\t<div class=\"elementor-element elementor-element-11c92794 elementor-widget elementor-widget-text-editor\" data-id=\"11c92794\" data-element_type=\"widget\" data-e-type=\"widget\" data-widget_type=\"text-editor.default\">\n\t\t\t\t<div class=\"elementor-widget-container\">\n\t\t\t\t\t\t\t\t\t<p>Nuestro LEMA: \u201cTODAS\/OS SOMOS ESCUELA\u201d, intenta dar respuesta a una ense\u00f1anza de calidad que atienda a la diversidad y singularidad de nuestro alumnado, ofreciendo servicios educativos complementarios que correspondan a las necesidades de las familias, mejorar nuestra oferta educativa a trav\u00e9s de la incansable labor del profesorado y abrir nuestra escuela a las familias, el entorno y las instituciones locales\u201d.<\/p>\n<p>\u00a0<\/p>\n<p>ASPECTOS A DESTACAR DEL PEC:<\/p>\n<p>\u2013 En cuanto a nuestra l\u00ednea educativa queremos destacar que el PLAN DE IGUALDAD Y CONVIVENCIA junto con el PLAN COEDUCATIVO gu\u00edan nuestras ACTUACIONES diarias orientadas a la consecuci\u00f3n de unos mayores niveles de igualdad y convivencia entre todas las personas que forman parte de nuestra comunidad.<\/p>\n<p>\u2013 <u>PLAN DE ALMUERZOS SALUDABLES<\/u>. Se propone a las familias al inicio de curso un plan variado para los dos almuerzos diarios.<\/p>\n<p>\u2013 \u00a0Desarrollamos las matem\u00e1ticas manipulativas siguiendo la <u>METODOLOG\u00cdA ABN<\/u>, (M\u00e9todo abierto basado en n\u00fameros).<\/p>\n<p>\u2013 <u>ANIMACI\u00d3N LECTORA: <\/u>EL VALOR DE LOS CUENTOS. Llevamos a nuestras aulas un calendario de cuentos coeducativos y realizamos un sistema de pr\u00e9stamos de los mismos a las familias.<\/p>\n<p>\u2013 <u>TALLER INTERNIVEL DE ARTE: <\/u>Cada curso escolar seleccionamos a una artista contempor\u00e1nea que se trabaja mediante diferentes propuestas art\u00edsticas tanto a nivel individual como grupal, realizando actividades internivel en las que todo el alumnado del centro se mezcla para trabajar de forma cooperativa.<\/p>\n<p><u>\u2013 <\/u><u>LOS PATIOS COEDUCATIVOS.<\/u> Somos un centro COEDUCACENTRES y\u00a0 desde hace unos a\u00f1os se ha puesto en marcha\u00a0 el Proyecto de Innovaci\u00f3n Educativa \u201cConstruyendo un patio coeducativo\u201d. Lo que hemos pretendido conseguir con este proyecto es que se reduzcan los conflictos en el patio, mejorar la convivencia del alumnado, que tanto los ni\u00f1os como las ni\u00f1as ocupen la totalidad de los espacios del patio y que no se reproduzcan roles sexistas. En definitiva, crear un patio inclusivo.<\/p>\n<p>&#8211; <strong>TRABAJO EN LAS AULAS<u>:<\/u><\/strong> Aprendemos cada d\u00eda todos\/as juntos\/as a trav\u00e9s de ambientes, propuestas y provocaciones. A trav\u00e9s de un proyecto de innovaci\u00f3n educativa estamos introduciendo esta metodolog\u00eda en nuestras aulas.<\/p>\n<p>\u2013 <u>NUESTRO HUERTO ESCOLAR ECOL\u00d3GICO. <\/u>Lleva en marcha desde el curso 2017-2018 y poco a poco va mejorando y creciendo gracias a la curiosidad y el amor por la naturaleza de toda la comunidad educativa con ayuda del voluntariado. Por esta propuesta educativa hemos recibido un premio a nivel nacional: Acc\u00e9sit categor\u00eda Educaci\u00f3n Infantil en la VI edici\u00f3n del Premio Nacional Huertos Educativos de la fundaci\u00f3n Triodos.<\/p>\n<p>\u2013 PROYECTO APRENDIZAJE-SERVICIO \u201c<u>CAMINAMOS <\/u><a href=\"mailto:JUNT@S\">JUNT@S<\/a>\u201d. Es un proyecto que estamos trabajando todo el alumnado de nuestra escuela y las\/os usuarias\/os del centro de d\u00eda de personas mayores de Elda desde el curso 2018-2019. El objetivo general es promover la interrelaci\u00f3n entre peque\u00f1as\/os y mayores y propiciar nuevas posibilidades educativas que nos ayuden de forma creativa a crecer juntas\/os.<\/p>\n<p>\u2013 <u>EL VOLUNTARIADO. <\/u>Contamos con la ayuda de personas vinculadas a nuestro escuela, maestras jubiladas y\u00a0 familiares, que no dudan en continuar trabajando para el mismo en cuantas actividades se les requiere: huerto, talleres, fiestas, cuestiones organizativas, etc..<\/p>\n<p>\u2013 <u>COLABORACI\u00d3N CON ASOCIACIONES LOCALES:<\/u> Colaboramos con la asociaci\u00f3n eldense GRUPO-ABRIL que ayuda a mejorar la situaci\u00f3n educativa de las ni\u00f1as\/os de un peque\u00f1o pueblo de Etiop\u00eda, Wolisso.<\/p>\n<p>\u00a0<\/p>\n<p><u>INSTALACIONES:<\/u><\/p>\n<p>\u00a0<\/p>\n<p>\u00a0\u00a0\u00a0\u00a0\u00a0\u00a0\u00a0\u00a0\u00a0\u00a0\u00a0 Nuestro centro est\u00e1 conformado por un edificio de una sola planta que cuenta con varios m\u00f3dulos: uno principal, en el que se encuentra las dependencias administrativas y de servicios y\u00a0 la biblioteca del centro, junto con tres pabellones en los que se distribuyen las 8 aulas, dos de cada nivel, los almacenes y una sala de usos m\u00faltiples. Tambi\u00e9n contamos con dos patios de recreo, uno de una gran amplitud, que cuenta con una pista asfaltada en el centro, una zona de juegos con toboganes y casita y una zona de recreo adaptada al alumnado del nivel de dos a\u00f1os y un huerto ecol\u00f3gico. Se encuentran en construcci\u00f3n unos peque\u00f1os patios accesibles desde las aulas para actividades de peque\u00f1o grupo.<\/p>\n<p>\u00a0<\/p>\n<p>AMPA ALMAFR\u00c1<\/p>\n<p>Esta asociaci\u00f3n de madres y padres destaca por su car\u00e1cter abierto, activo y participativo. Siempre se ha mantenido una estrecha relaci\u00f3n y coordinaci\u00f3n de las familias y\u00a0 el equipo docente para la realizaci\u00f3n de las actividades, todas ellas enmarcadas en la programaci\u00f3n anual del centro.<\/p>\n<p>Las actividades son numerosas y variadas:<\/p>\n<ul>\n<li>Compra socializada del material escolar para l@s hij@s de l@s soci@s.<\/li>\n<li>Colaboraci\u00f3n en actividades complementarias para el alumnado.<\/li>\n<li>Decoraciones de zonas escolares seg\u00fan los proyectos que est\u00e9 trabajando el alumnado.<\/li>\n<li>Actividades de igualdad de g\u00e9nero y coeducativas.<\/li>\n<li>Fiesta de bienvenida.<\/li>\n<li>Casta\u00f1era.<\/li>\n<li>El oto\u00f1o y sus frutas.<\/li>\n<li>Navidad y Reyes<\/li>\n<li>Gran carnaval<\/li>\n<li>D\u00eda de la familia<\/li>\n<li>Pascua y juegos tradicionales.<\/li>\n<li>Moros y Cristianos<\/li>\n<li>Cena de convivencia fin de curso.<\/li>\n<li>Y un mont\u00f3n de actividades que surgen a lo largo del curso escolar desde esta gran comunidad escolar<\/li>\n<\/ul>\n<p>\u00a0<\/p>\n<p>INFORMACI\u00d3N Y ATENCI\u00d3N AL SOCI@<\/p>\n<p>Esta asociaci\u00f3n cuenta con un numero de WhatsApp y un canal de Telegram para difusi\u00f3n de informaci\u00f3n al igual que para resolver dudas o recibir sugerencias de l@s <a href=\"mailto:soci@s\">soci@s<\/a>.<\/p>\n<p>\u00a0<\/p>\n<p>\u00a0<\/p>\n<p><strong>C\u00d3MO CONTACTARNOS<\/strong><\/p>\n<p>BLOG COLE: https:\/\/portal.edu.gva.es\/nuevoalmafra\/<\/p>\n<p>FACEBOOK AMPA: <a href=\"http:\/\/www.facebook.com\/ApaNuevoAlmafra\">http:\/\/www.facebook.com\/ApaNuevoAlmafra<\/a><\/p>\n<p>Tel\u00e9fono: 966957475<\/p>\n<p>correo electr\u00f3nico: <a href=\"mailto:03011215@GVA.ES\">03011215@<\/a><a href=\"mailto:03011215@GVA.ES\">EDU.<\/a><a href=\"mailto:03011215@GVA.ES\">GVA.ES<\/a><\/p>\n<p>Direcci\u00f3n del centro : Pol\u00edgono Almafr\u00e1 S\/N, Elda 03600 (Alicante)<\/p>\n<p>Horario de atenci\u00f3n de secretar\u00eda y de direcci\u00f3n:<\/p>\n<p>DE LUNES A VIERNES DE 13:00 A 14:00 HORAS<\/p>\t\t\t\t\t\t\t\t<\/div>\n\t\t\t\t<\/div>\n\t\t\t\t\t<\/div>\n\t\t<\/div>\n\t\t\t\t\t<\/div>\n\t\t<\/section>\n\t\t\t\t<\/div>\n\t\t","protected":false},"excerpt":{"rendered":"<p>Nuestro LEMA: \u201cTODAS\/OS SOMOS ESCUELA\u201d, intenta dar respuesta a una ense\u00f1anza de calidad que atienda a la diversidad y singularidad de nuestro alumnado, ofreciendo servicios educativos complementarios que correspondan a las necesidades de las familias, mejorar nuestra oferta educativa a trav\u00e9s de la incansable labor del profesorado y abrir nuestra escuela a las familias, el &hellip; <\/p>\n<p class=\"link-more\"><a href=\"https:\/\/apaselda.es\/?page_id=196\" class=\"more-link\">Continuar leyendo<span class=\"screen-reader-text\"> &#8220;EI NUEVA ALMAFRA&#8221;<\/span><\/a><\/p>\n","protected":false},"author":1,"featured_media":0,"parent":0,"menu_order":0,"comment_status":"closed","ping_status":"closed","template":"","meta":{"footnotes":""},"class_list":["post-196","page","type-page","status-publish","hentry"],"_links":{"self":[{"href":"https:\/\/apaselda.es\/index.php?rest_route=\/wp\/v2\/pages\/196","targetHints":{"allow":["GET"]}}],"collection":[{"href":"https:\/\/apaselda.es\/index.php?rest_route=\/wp\/v2\/pages"}],"about":[{"href":"https:\/\/apaselda.es\/index.php?rest_route=\/wp\/v2\/types\/page"}],"author":[{"embeddable":true,"href":"https:\/\/apaselda.es\/index.php?rest_route=\/wp\/v2\/users\/1"}],"replies":[{"embeddable":true,"href":"https:\/\/apaselda.es\/index.php?rest_route=%2Fwp%2Fv2%2Fcomments&post=196"}],"version-history":[{"count":12,"href":"https:\/\/apaselda.es\/index.php?rest_route=\/wp\/v2\/pages\/196\/revisions"}],"predecessor-version":[{"id":3161,"href":"https:\/\/apaselda.es\/index.php?rest_route=\/wp\/v2\/pages\/196\/revisions\/3161"}],"wp:attachment":[{"href":"https:\/\/apaselda.es\/index.php?rest_route=%2Fwp%2Fv2%2Fmedia&parent=196"}],"curies":[{"name":"wp","href":"https:\/\/api.w.org\/{rel}","templated":true}]}}